CRAN Package Check Results for Package misreport

Last updated on 2020-08-09 16:48:00 CEST.

Flavor Version Tinstall Tcheck Ttotal Status Flags
r-devel-linux-x86_64-debian-clang 0.1.1 3.86 29.56 33.42 OK --no-vignettes
r-devel-linux-x86_64-debian-gcc 0.1.1 3.08 23.13 26.21 OK --no-vignettes
r-devel-linux-x86_64-fedora-clang 0.1.1 999.42 NOTE
r-devel-linux-x86_64-fedora-gcc 0.1.1 983.19 OK
r-devel-windows-ix86+x86_64 0.1.1 11.00 53.00 64.00 OK --no-vignettes
r-patched-linux-x86_64 0.1.1 4.43 29.28 33.71 OK --no-vignettes
r-patched-solaris-x86 0.1.1 1417.30 OK
r-release-linux-x86_64 0.1.1 3.69 29.19 32.88 OK --no-vignettes
r-release-macos-x86_64 0.1.1 OK
r-release-windows-ix86+x86_64 0.1.1 11.00 41.00 52.00 OK --no-vignettes
r-oldrel-macos-x86_64 0.1.1 OK
r-oldrel-windows-ix86+x86_64 0.1.1 7.00 51.00 58.00 OK --no-vignettes

Check Details

Version: 0.1.1
Check: Rd cross-references
Result: NOTE
    Undeclared package ‘list’ in Rd xrefs
Flavor: r-devel-linux-x86_64-fedora-clang