CRAN Package Check Results for Package misreport

Last updated on 2022-10-02 11:54:18 CEST.

Flavor Version Tinstall Tcheck Ttotal Status Flags
r-devel-linux-x86_64-debian-clang 0.1.1 3.91 34.09 38.00 OK --no-vignettes
r-devel-linux-x86_64-debian-gcc 0.1.1 3.13 26.19 29.32 OK --no-vignettes
r-devel-linux-x86_64-fedora-clang 0.1.1 1075.91 NOTE
r-devel-linux-x86_64-fedora-gcc 0.1.1 1003.49 OK
r-devel-windows-x86_64 0.1.1 32.00 61.00 93.00 OK --no-vignettes
r-patched-linux-x86_64 0.1.1 3.69 32.00 35.69 OK --no-vignettes
r-release-linux-x86_64 0.1.1 3.77 32.14 35.91 OK --no-vignettes
r-release-macos-arm64 0.1.1 265.00 OK
r-release-macos-x86_64 0.1.1 335.00 OK
r-release-windows-x86_64 0.1.1 24.00 57.00 81.00 OK --no-vignettes
r-oldrel-macos-arm64 0.1.1 304.00 OK
r-oldrel-macos-x86_64 0.1.1 513.00 OK
r-oldrel-windows-ix86+x86_64 0.1.1 9.00 58.00 67.00 OK --no-vignettes

Check Details

Version: 0.1.1
Check: Rd cross-references
Result: NOTE
    Undeclared package ‘list’ in Rd xrefs
Flavor: r-devel-linux-x86_64-fedora-clang