CRAN Package Check Results for Package missForest

Last updated on 2022-07-06 02:52:32 CEST.

Flavor Version Tinstall Tcheck Ttotal Status Flags
r-devel-linux-x86_64-debian-clang 1.5 2.86 41.32 44.18 OK
r-devel-linux-x86_64-debian-gcc 1.5 2.22 32.69 34.91 OK
r-devel-linux-x86_64-fedora-clang 1.5 69.07 OK
r-devel-linux-x86_64-fedora-gcc 1.5 65.59 OK
r-devel-windows-x86_64 1.5 28.00 86.00 114.00 OK
r-patched-linux-x86_64 1.5 4.90 41.71 46.61 OK
r-release-linux-x86_64 1.5 2.72 41.45 44.17 OK
r-release-macos-arm64 1.5 36.00 OK
r-release-macos-x86_64 1.5 45.00 OK
r-release-windows-x86_64 1.5 11.00 88.00 99.00 OK
r-oldrel-macos-arm64 1.5 32.00 OK
r-oldrel-macos-x86_64 1.5 48.00 OK
r-oldrel-windows-ix86+x86_64 1.5 7.00 54.00 61.00 WARN

Check Details

Version: 1.5
Check: re-building of vignette outputs
Result: WARN
    Error(s) in re-building vignettes:
    --- re-building 'missForest_1.5.Rnw' using Sweave
    Loading required package: foreach
    Loading required package: missForest
    Warning in file(file, "r") :
     InternetOpenUrl failed: 'Die Serververbindung konnte nicht hergestellt werden.'
    
    Error: processing vignette 'missForest_1.5.Rnw' failed with diagnostics:
     chunk 15 (label = muskData)
    Error in file(file, "r") : cannot open the connection
    
    --- failed re-building 'missForest_1.5.Rnw'
    
    SUMMARY: processing the following file failed:
     'missForest_1.5.Rnw'
    
    Error: Vignette re-building failed.
    Execution halted
Flavor: r-oldrel-windows-ix86+x86_64