CRAN Package Check Results for Package missForest

Last updated on 2019-07-22 13:47:00 CEST.

Flavor Version Tinstall Tcheck Ttotal Status Flags
r-devel-linux-x86_64-debian-clang 1.4 1.93 21.54 23.47 NOTE
r-devel-linux-x86_64-debian-gcc 1.4 1.71 17.73 19.44 NOTE
r-devel-linux-x86_64-fedora-clang 1.4 29.22 NOTE
r-devel-linux-x86_64-fedora-gcc 1.4 28.40 NOTE
r-devel-windows-ix86+x86_64 1.4 5.00 51.00 56.00 NOTE
r-patched-linux-x86_64 1.4 1.99 21.41 23.40 NOTE
r-patched-solaris-x86 1.4 47.60 NOTE
r-release-linux-x86_64 1.4 1.74 21.38 23.12 NOTE
r-release-windows-ix86+x86_64 1.4 4.00 37.00 41.00 NOTE
r-release-osx-x86_64 1.4 NOTE
r-oldrel-windows-ix86+x86_64 1.4 5.00 36.00 41.00 NOTE
r-oldrel-osx-x86_64 1.4 NOTE

Check Details

Version: 1.4
Check: R code for possible problems
Result: NOTE
    missForest: no visible global function definition for 'predict'
    missForest: no visible global function definition for 'idiv'
    missForest: no visible global function definition for 'var'
    nrmse: no visible global function definition for 'var'
    Undefined global functions or variables:
     idiv predict var
    Consider adding
     importFrom("stats", "predict", "var")
    to your NAMESPACE file.
Flavors: r-devel-linux-x86_64-debian-clang, r-devel-linux-x86_64-debian-gcc, r-devel-linux-x86_64-fedora-clang, r-devel-linux-x86_64-fedora-gcc, r-devel-windows-ix86+x86_64, r-patched-linux-x86_64, r-patched-solaris-x86, r-release-linux-x86_64, r-release-windows-ix86+x86_64, r-release-osx-x86_64, r-oldrel-windows-ix86+x86_64, r-oldrel-osx-x86_64