CRAN Package Check Results for Package missForest

Last updated on 2022-12-04 02:49:20 CET.

Flavor Version Tinstall Tcheck Ttotal Status Flags
r-devel-linux-x86_64-debian-clang 1.5 3.20 42.48 45.68 OK
r-devel-linux-x86_64-debian-gcc 1.5 2.40 33.62 36.02 OK
r-devel-linux-x86_64-fedora-clang 1.5 67.46 OK
r-devel-linux-x86_64-fedora-gcc 1.5 65.78 OK
r-devel-windows-x86_64 1.5 18.00 89.00 107.00 OK
r-patched-linux-x86_64 1.5 4.97 40.69 45.66 OK
r-release-linux-x86_64 1.5 2.93 40.42 43.35 OK
r-release-macos-arm64 1.5 36.00 OK
r-release-macos-x86_64 1.5 45.00 OK
r-release-windows-x86_64 1.5 13.00 92.00 105.00 OK
r-oldrel-macos-arm64 1.5 32.00 OK
r-oldrel-macos-x86_64 1.5 48.00 OK
r-oldrel-windows-ix86+x86_64 1.5 7.00 57.00 64.00 WARN

Check Details

Version: 1.5
Check: re-building of vignette outputs
Result: WARN
    Error(s) in re-building vignettes:
    --- re-building 'missForest_1.5.Rnw' using Sweave
    Loading required package: foreach
    Loading required package: missForest
    Warning in file(file, "r") :
     InternetOpenUrl failed: 'Die Serververbindung konnte nicht hergestellt werden.'
    
    Error: processing vignette 'missForest_1.5.Rnw' failed with diagnostics:
     chunk 15 (label = muskData)
    Error in file(file, "r") : cannot open the connection
    
    --- failed re-building 'missForest_1.5.Rnw'
    
    SUMMARY: processing the following file failed:
     'missForest_1.5.Rnw'
    
    Error: Vignette re-building failed.
    Execution halted
Flavor: r-oldrel-windows-ix86+x86_64