CRAN Package Check Results for Package missMethods

Last updated on 2021-09-27 23:50:46 CEST.

Flavor Version Tinstall Tcheck Ttotal Status Flags
r-devel-linux-x86_64-debian-clang 0.2.0 3.87 54.45 58.32 NOTE
r-devel-linux-x86_64-debian-gcc 0.2.0 3.10 40.69 43.79 NOTE
r-devel-linux-x86_64-fedora-clang 0.2.0 82.87 NOTE
r-devel-linux-x86_64-fedora-gcc 0.2.0 67.59 NOTE
r-devel-windows-x86_64 0.2.0 6.00 57.00 63.00 NOTE
r-devel-windows-x86_64-gcc10-UCRT 0.2.0 NOTE
r-patched-linux-x86_64 0.2.0 4.23 52.40 56.63 NOTE
r-patched-solaris-x86 0.2.0 86.20 NOTE
r-release-linux-x86_64 0.2.0 3.84 51.87 55.71 NOTE
r-release-macos-arm64 0.2.0 NOTE
r-release-macos-x86_64 0.2.0 NOTE
r-release-windows-ix86+x86_64 0.2.0 9.00 50.00 59.00 NOTE
r-oldrel-macos-x86_64 0.2.0 OK
r-oldrel-windows-ix86+x86_64 0.2.0 15.00 53.00 68.00 OK

Check Details

Version: 0.2.0
Check: LazyData
Result: NOTE
     'LazyData' is specified without a 'data' directory
Flavors: r-devel-linux-x86_64-debian-clang, r-devel-linux-x86_64-debian-gcc, r-devel-linux-x86_64-fedora-clang, r-devel-linux-x86_64-fedora-gcc, r-devel-windows-x86_64, r-devel-windows-x86_64-gcc10-UCRT, r-patched-linux-x86_64, r-patched-solaris-x86, r-release-linux-x86_64, r-release-macos-arm64, r-release-macos-x86_64, r-release-windows-ix86+x86_64