CRAN Package Check Results for Package missSBM

Last updated on 2022-11-30 03:58:28 CET.

Flavor Version Tinstall Tcheck Ttotal Status Flags
r-devel-linux-x86_64-debian-clang 1.0.3 120.99 358.25 479.24 OK
r-devel-linux-x86_64-debian-gcc 1.0.3 100.88 265.54 366.42 OK
r-devel-linux-x86_64-fedora-clang 1.0.3 631.18 OK
r-devel-linux-x86_64-fedora-gcc 1.0.3 601.89 OK
r-devel-windows-x86_64 1.0.3 153.00 459.00 612.00 OK
r-patched-linux-x86_64 1.0.3 105.68 340.88 446.56 OK
r-release-linux-x86_64 1.0.3 101.94 334.66 436.60 OK
r-release-macos-arm64 1.0.3 139.00 NOTE
r-release-macos-x86_64 1.0.3 239.00 NOTE
r-release-windows-x86_64 1.0.3 131.00 461.00 592.00 OK
r-oldrel-macos-arm64 1.0.3 137.00 NOTE
r-oldrel-macos-x86_64 1.0.3 239.00 NOTE
r-oldrel-windows-ix86+x86_64 1.0.3 274.00 743.00 1017.00 OK

Check Details

Version: 1.0.3
Check: installed package size
Result: NOTE
     installed size is 7.1Mb
     sub-directories of 1Mb or more:
     libs 5.0Mb
Flavors: r-release-macos-arm64, r-release-macos-x86_64, r-oldrel-macos-arm64, r-oldrel-macos-x86_64