Last updated on 2023-02-08 07:54:35 CET.
Flavor | Version | Tinstall | Tcheck | Ttotal | Status | Flags |
---|---|---|---|---|---|---|
r-devel-linux-x86_64-debian-clang | 1.4.1 | 21.99 | 362.34 | 384.33 | OK | |
r-devel-linux-x86_64-debian-gcc | 1.4.1 | 18.61 | 257.13 | 275.74 | OK | |
r-devel-linux-x86_64-fedora-clang | 1.4.1 | 452.05 | NOTE | |||
r-devel-linux-x86_64-fedora-gcc | 1.4.1 | 449.18 | NOTE | |||
r-devel-windows-x86_64 | 1.4.1 | 37.00 | 409.00 | 446.00 | OK | |
r-patched-linux-x86_64 | 1.4.1 | 25.10 | 342.08 | 367.18 | OK | |
r-release-linux-x86_64 | 1.4.1 | 19.78 | 320.48 | 340.26 | OK | |
r-release-macos-arm64 | 1.4.1 | 79.00 | NOTE | |||
r-release-macos-x86_64 | 1.4.1 | 163.00 | NOTE | |||
r-release-windows-x86_64 | 1.4.1 | 44.00 | 395.00 | 439.00 | OK | |
r-oldrel-macos-arm64 | 1.4.1 | 111.00 | NOTE | |||
r-oldrel-macos-x86_64 | 1.4.1 | 204.00 | NOTE | |||
r-oldrel-windows-ix86+x86_64 | 1.4.1 | 42.00 | 403.00 | 445.00 | OK |
Version: 1.4.1
Check: dependencies in R code
Result: NOTE
Namespace in Imports field not imported from: ‘mcmcr’
All declared Imports should be used.
Flavors: r-devel-linux-x86_64-fedora-clang, r-devel-linux-x86_64-fedora-gcc, r-release-macos-arm64, r-release-macos-x86_64, r-oldrel-macos-arm64, r-oldrel-macos-x86_64