CRAN Package Check Results for Package mixAK

Last updated on 2021-10-19 13:53:29 CEST.

Flavor Version Tinstall Tcheck Ttotal Status Flags
r-devel-linux-x86_64-debian-clang 5.3 69.82 174.70 244.52 OK
r-devel-linux-x86_64-debian-gcc 5.3 52.76 129.77 182.53 OK
r-devel-linux-x86_64-fedora-clang 5.3 325.70 NOTE
r-devel-linux-x86_64-fedora-gcc 5.3 300.83 OK
r-devel-windows-x86_64 5.3 113.00 206.00 319.00 OK
r-devel-windows-x86_64-gcc10-UCRT 5.3 OK
r-patched-linux-x86_64 5.3 61.77 169.66 231.43 OK
r-patched-solaris-x86 5.3 437.20 OK
r-release-linux-x86_64 5.3 60.16 170.69 230.85 OK
r-release-windows-ix86+x86_64 5.3 153.00 242.00 395.00 OK
r-oldrel-windows-ix86+x86_64 5.3 199.00 243.00 442.00 OK

Check Details

Version: 5.3
Check: Rd cross-references
Result: NOTE
    Undeclared package ‘mvtnorm’ in Rd xrefs
Flavor: r-devel-linux-x86_64-fedora-clang