CRAN Package Check Results for Package mixKernel

Last updated on 2022-09-25 18:51:30 CEST.

Flavor Version Tinstall Tcheck Ttotal Status Flags
r-devel-linux-x86_64-debian-clang 0.8 32.73 332.58 365.31 OK
r-devel-linux-x86_64-debian-gcc 0.8 31.42 246.17 277.59 OK
r-devel-linux-x86_64-fedora-clang 0.8 453.85 NOTE
r-devel-linux-x86_64-fedora-gcc 0.8 432.86 NOTE
r-devel-windows-x86_64 0.8 46.00 332.00 378.00 OK
r-patched-linux-x86_64 0.8 32.23 319.54 351.77 OK
r-release-linux-x86_64 0.8 29.64 313.64 343.28 OK
r-release-macos-arm64 0.8 114.00 NOTE
r-release-macos-x86_64 0.8 205.00 NOTE
r-release-windows-x86_64 0.8 42.00 331.00 373.00 OK
r-oldrel-macos-arm64 0.8 91.00 NOTE
r-oldrel-macos-x86_64 0.8 153.00 WARN
r-oldrel-windows-ix86+x86_64 0.8 72.00 349.00 421.00 OK

Check Details

Version: 0.8
Check: dependencies in R code
Result: NOTE
    Namespace in Imports field not imported from: ‘markdown’
     All declared Imports should be used.
Flavors: r-devel-linux-x86_64-fedora-clang, r-devel-linux-x86_64-fedora-gcc, r-release-macos-arm64, r-release-macos-x86_64, r-oldrel-macos-arm64, r-oldrel-macos-x86_64

Version: 0.8
Check: re-building of vignette outputs
Result: WARN
    Error(s) in re-building vignettes:
    --- re-building ‘a-mixKernelInstallation.Rmd’ using knitr
    --- finished re-building ‘a-mixKernelInstallation.Rmd’
    
    --- re-building ‘mixKernelUsersGuide.Rmd’ using knitr
    Loading required package: MASS
    Loading required package: lattice
    Loading required package: ggplot2
    
    Loaded mixOmics 6.15.0
    Thank you for using mixOmics!
    Tutorials: http://mixomics.org
    Bookdown vignette: https://mixomicsteam.github.io/Bookdown
    Questions, issues: Follow the prompts at http://mixomics.org/contact-us
    Cite us: citation('mixOmics')
    
    Loading required package: reticulate
    
    Any bug reports or comments? Notify us at jerome.mariette@inrae.fr or https://forgemia.inra.fr/jerome.mariette/mixKernel/-/issues
    Quitting from lines 147-162 (mixKernelUsersGuide.Rmd)
    Error: processing vignette 'mixKernelUsersGuide.Rmd' failed with diagnostics:
    non-numeric argument to mathematical function
    --- failed re-building ‘mixKernelUsersGuide.Rmd’
    
    SUMMARY: processing the following file failed:
     ‘mixKernelUsersGuide.Rmd’
    
    Error: Vignette re-building failed.
    Execution halted
Flavor: r-oldrel-macos-x86_64