CRAN Package Check Results for Package mixSPE

Last updated on 2022-01-26 20:49:08 CET.

Flavor Version Tinstall Tcheck Ttotal Status Flags
r-devel-linux-x86_64-debian-clang 0.9.1 2.79 49.96 52.75 NOTE
r-devel-linux-x86_64-debian-gcc 0.9.1 2.71 36.90 39.61 NOTE
r-devel-linux-x86_64-fedora-clang 0.9.1 64.88 NOTE
r-devel-linux-x86_64-fedora-gcc 0.9.1 53.27 NOTE
r-devel-windows-x86_64-new-UL 0.9.1 26.00 65.00 91.00 NOTE
r-devel-windows-x86_64-new-TK 0.9.1 NOTE
r-patched-linux-x86_64 0.9.1 3.16 46.95 50.11 NOTE
r-release-linux-x86_64 0.9.1 3.76 46.70 50.46 NOTE
r-release-macos-arm64 0.9.1 NOTE
r-release-macos-x86_64 0.9.1 NOTE
r-release-windows-ix86+x86_64 0.9.1 10.00 58.00 68.00 NOTE
r-oldrel-macos-x86_64 0.9.1 OK
r-oldrel-windows-ix86+x86_64 0.9.1 8.00 56.00 64.00 OK

Check Details

Version: 0.9.1
Check: LazyData
Result: NOTE
     'LazyData' is specified without a 'data' directory
Flavors: r-devel-linux-x86_64-debian-clang, r-devel-linux-x86_64-debian-gcc, r-devel-linux-x86_64-fedora-clang, r-devel-linux-x86_64-fedora-gcc, r-devel-windows-x86_64-new-UL, r-devel-windows-x86_64-new-TK, r-patched-linux-x86_64, r-release-linux-x86_64, r-release-macos-arm64, r-release-macos-x86_64, r-release-windows-ix86+x86_64