CRAN Package Check Results for Package mixbox

Last updated on 2023-09-30 01:50:01 CEST.

Flavor Version Tinstall Tcheck Ttotal Status Flags
r-devel-linux-x86_64-debian-clang 1.2.2 10.14 49.60 59.74 NOTE
r-devel-linux-x86_64-debian-gcc 1.2.2 6.13 37.55 43.68 NOTE
r-devel-linux-x86_64-fedora-clang 1.2.2 70.58 NOTE
r-devel-linux-x86_64-fedora-gcc 1.2.2 68.91 NOTE
r-devel-windows-x86_64 1.2.2 7.00 57.00 64.00 NOTE
r-patched-linux-x86_64 1.2.2 8.83 47.76 56.59 OK
r-release-linux-x86_64 1.2.2 8.05 47.54 55.59 OK
r-release-macos-arm64 1.2.2 23.00 OK
r-release-macos-x86_64 1.2.2 36.00 OK
r-release-windows-x86_64 1.2.2 7.00 62.00 69.00 OK
r-oldrel-macos-arm64 1.2.2 26.00 OK
r-oldrel-macos-x86_64 1.2.2 30.00 OK
r-oldrel-windows-x86_64 1.2.2 11.00 62.00 73.00 OK

Check Details

Version: 1.2.2
Check: Rd \usage sections
Result: NOTE
    Documented arguments not in \usage in documentation object 'rigaussian':
     ‘mu’
    
    Functions with \usage entries need to have the appropriate \alias
    entries, and all their arguments documented.
    The \usage entries must correspond to syntactically valid R code.
    See chapter ‘Writing R documentation files’ in the ‘Writing R
    Extensions’ manual.
Flavors: r-devel-linux-x86_64-debian-clang, r-devel-linux-x86_64-debian-gcc, r-devel-linux-x86_64-fedora-clang, r-devel-linux-x86_64-fedora-gcc, r-devel-windows-x86_64