CRAN Package Check Results for Package mixchar

Last updated on 2021-09-19 12:53:19 CEST.

Flavor Version Tinstall Tcheck Ttotal Status Flags
r-devel-linux-x86_64-debian-clang 0.1.0 8.62 115.02 123.64 OK
r-devel-linux-x86_64-debian-gcc 0.1.0 7.46 85.14 92.60 OK
r-devel-linux-x86_64-fedora-clang 0.1.0 155.62 OK
r-devel-linux-x86_64-fedora-gcc 0.1.0 145.62 OK
r-devel-windows-x86_64 0.1.0 10.00 155.00 165.00 OK
r-devel-windows-x86_64-gcc10-UCRT 0.1.0 ERROR
r-patched-linux-x86_64 0.1.0 8.71 110.60 119.31 OK
r-patched-solaris-x86 0.1.0 209.70 OK
r-release-linux-x86_64 0.1.0 8.09 109.16 117.25 OK
r-release-macos-arm64 0.1.0 OK
r-release-macos-x86_64 0.1.0 OK
r-release-windows-ix86+x86_64 0.1.0 19.00 112.00 131.00 OK
r-oldrel-macos-x86_64 0.1.0 OK
r-oldrel-windows-ix86+x86_64 0.1.0 17.00 105.00 122.00 OK

Check Details

Version: 0.1.0
Check: whether package can be installed
Result: WARN
    Found the following significant warnings:
     WARNING: installation-time patches will not be applied, could not get the patches index
Flavor: r-devel-windows-x86_64-gcc10-UCRT

Version: 0.1.0
Check: PDF version of manual
Result: WARN
    LaTeX errors when creating PDF version.
    This typically indicates Rd problems.
Flavor: r-devel-windows-x86_64-gcc10-UCRT

Version: 0.1.0
Check: PDF version of manual without hyperrefs or index
Result: ERROR
    Re-running with no redirection of stdout/stderr.
Flavor: r-devel-windows-x86_64-gcc10-UCRT