CRAN Package Check Results for Package mixhvg

Last updated on 2024-06-13 11:48:19 CEST.

Flavor Version Tinstall Tcheck Ttotal Status Flags
r-devel-linux-x86_64-debian-clang 0.1.1 65.41 517.66 583.07 NOTE
r-devel-linux-x86_64-debian-gcc 0.1.1 0.19 1.78 1.97 ERROR
r-devel-linux-x86_64-fedora-clang 0.1.1 777.92 NOTE
r-devel-linux-x86_64-fedora-gcc 0.1.1 692.77 NOTE
r-devel-windows-x86_64 0.1.1 51.00 325.00 376.00 NOTE
r-patched-linux-x86_64 0.1.1 55.35 491.60 546.95 NOTE
r-release-linux-x86_64 0.1.1 39.85 501.37 541.22 NOTE
r-release-macos-arm64 0.1.1 188.00 NOTE
r-release-macos-x86_64 0.1.1 347.00 NOTE
r-release-windows-x86_64 0.1.1 50.00 327.00 377.00 NOTE
r-oldrel-macos-arm64 0.1.1 5.00 ERROR
r-oldrel-macos-x86_64 0.1.1 298.00 OK
r-oldrel-windows-x86_64 0.1.1 70.00 439.00 509.00 OK

Check Details

Version: 0.1.1
Check: Rd files
Result: NOTE checkRd: (-1) FindVariableFeaturesMix.Rd:23: Lost braces in \itemize; meant \describe ? checkRd: (-1) FindVariableFeaturesMix.Rd:24: Lost braces in \itemize; meant \describe ? checkRd: (-1) FindVariableFeaturesMix.Rd:25: Lost braces in \itemize; meant \describe ? checkRd: (-1) FindVariableFeaturesMix.Rd:26: Lost braces in \itemize; meant \describe ? checkRd: (-1) FindVariableFeaturesMix.Rd:27: Lost braces in \itemize; meant \describe ? checkRd: (-1) FindVariableFeaturesMix.Rd:28: Lost braces in \itemize; meant \describe ? checkRd: (-1) FindVariableFeaturesMix.Rd:29: Lost braces in \itemize; meant \describe ? checkRd: (-1) FindVariableFeaturesMix.Rd:30: Lost braces in \itemize; meant \describe ? checkRd: (-1) FindVariableFeaturesMix.Rd:31: Lost braces in \itemize; meant \describe ? checkRd: (-1) FindVariableFeaturesMix.Rd:32: Lost braces in \itemize; meant \describe ? checkRd: (-1) FindVariableFeaturesMix.Rd:33: Lost braces in \itemize; meant \describe ? checkRd: (-1) FindVariableFeaturesMix.Rd:34: Lost braces in \itemize; meant \describe ? checkRd: (-1) FindVariableFeaturesMix.Rd:35: Lost braces in \itemize; meant \describe ? checkRd: (-1) FindVariableFeaturesMix.Rd:36: Lost braces in \itemize; meant \describe ? checkRd: (-1) FindVariableFeaturesMix.Rd:37: Lost braces in \itemize; meant \describe ? checkRd: (-1) FindVariableFeaturesMix.Rd:38: Lost braces in \itemize; meant \describe ? checkRd: (-1) FindVariableFeaturesMix.Rd:39: Lost braces in \itemize; meant \describe ? checkRd: (-1) FindVariableFeaturesMix.Rd:52: Lost braces in \itemize; meant \describe ? checkRd: (-1) FindVariableFeaturesMix.Rd:53: Lost braces in \itemize; meant \describe ? Flavors: r-devel-linux-x86_64-debian-clang, r-devel-linux-x86_64-fedora-clang, r-devel-linux-x86_64-fedora-gcc, r-devel-windows-x86_64, r-patched-linux-x86_64, r-release-linux-x86_64, r-release-macos-arm64, r-release-macos-x86_64, r-release-windows-x86_64

Version: 0.1.1
Check: package dependencies
Result: ERROR Packages required but not available: 'scran', 'Seurat' See section ‘The DESCRIPTION file’ in the ‘Writing R Extensions’ manual. Flavor: r-devel-linux-x86_64-debian-gcc

Version: 0.1.1
Check: package dependencies
Result: ERROR Package required but not available: ‘scran’ See section ‘The DESCRIPTION file’ in the ‘Writing R Extensions’ manual. Flavor: r-oldrel-macos-arm64