Last updated on 2023-06-05 14:56:51 CEST.
Flavor | Version | Tinstall | Tcheck | Ttotal | Status | Flags |
---|---|---|---|---|---|---|
r-devel-linux-x86_64-debian-clang | 0.1.1 | 54.17 | 464.81 | 518.98 | OK | |
r-devel-linux-x86_64-debian-gcc | 0.1.1 | 42.98 | 346.35 | 389.33 | OK | |
r-devel-linux-x86_64-fedora-clang | 0.1.1 | 614.72 | OK | |||
r-devel-linux-x86_64-fedora-gcc | 0.1.1 | 630.67 | OK | |||
r-devel-windows-x86_64 | 0.1.1 | 47.00 | 305.00 | 352.00 | OK | |
r-patched-linux-x86_64 | 0.1.1 | 51.16 | 430.12 | 481.28 | OK | |
r-release-linux-x86_64 | 0.1.1 | 37.61 | 439.86 | 477.47 | OK | |
r-release-macos-arm64 | 0.1.1 | 5.00 | ERROR | |||
r-release-macos-x86_64 | 0.1.1 | 298.00 | OK | |||
r-release-windows-x86_64 | 0.1.1 | 63.00 | 410.00 | 473.00 | OK | |
r-oldrel-macos-arm64 | 0.1.1 | 11.00 | ERROR | |||
r-oldrel-macos-x86_64 | 0.1.1 | 203.00 | OK | |||
r-oldrel-windows-x86_64 | 0.1.1 | 62.00 | 383.00 | 445.00 | OK |
Version: 0.1.1
Check: package dependencies
Result: ERROR
Package required but not available: ‘scran’
See section ‘The DESCRIPTION file’ in the ‘Writing R Extensions’
manual.
Flavors: r-release-macos-arm64, r-oldrel-macos-arm64