CRAN Package Check Results for Package mixtNB

Last updated on 2020-08-07 19:47:21 CEST.

Flavor Version Tinstall Tcheck Ttotal Status Flags
r-devel-linux-x86_64-debian-clang 1.0 2.06 22.22 24.28 NOTE
r-devel-linux-x86_64-debian-gcc 1.0 1.56 17.05 18.61 NOTE
r-devel-linux-x86_64-fedora-clang 1.0 37.35 NOTE
r-devel-linux-x86_64-fedora-gcc 1.0 28.25 NOTE
r-devel-windows-ix86+x86_64 1.0 6.00 30.00 36.00 NOTE
r-patched-linux-x86_64 1.0 2.12 21.86 23.98 NOTE
r-patched-solaris-x86 1.0 45.10 NOTE
r-release-linux-x86_64 1.0 1.98 21.79 23.77 NOTE
r-release-macos-x86_64 1.0 NOTE
r-release-windows-ix86+x86_64 1.0 4.00 47.00 51.00 NOTE
r-oldrel-macos-x86_64 1.0 NOTE
r-oldrel-windows-ix86+x86_64 1.0 4.00 43.00 47.00 NOTE

Check Details

Version: 1.0
Check: R code for possible problems
Result: NOTE
    fit.mixtNB: no visible global function definition for 'dnbinom'
    fit.mixtNB: no visible global function definition for 'nlminb'
    wald.test: no visible global function definition for 'pnorm'
    wald.test: no visible global function definition for 'p.adjust'
    Undefined global functions or variables:
     dnbinom nlminb p.adjust pnorm
    Consider adding
     importFrom("stats", "dnbinom", "nlminb", "p.adjust", "pnorm")
    to your NAMESPACE file.
Flavors: r-devel-linux-x86_64-debian-clang, r-devel-linux-x86_64-debian-gcc, r-devel-linux-x86_64-fedora-clang, r-devel-linux-x86_64-fedora-gcc, r-devel-windows-ix86+x86_64, r-patched-linux-x86_64, r-patched-solaris-x86, r-release-linux-x86_64, r-release-macos-x86_64, r-release-windows-ix86+x86_64, r-oldrel-macos-x86_64, r-oldrel-windows-ix86+x86_64