CRAN Package Check Results for Package mkde

Last updated on 2019-05-25 22:51:10 CEST.

Flavor Version Tinstall Tcheck Ttotal Status Flags
r-devel-linux-x86_64-debian-clang 0.1 20.37 80.38 100.75 NOTE
r-devel-linux-x86_64-debian-gcc 0.1 13.48 64.80 78.28 NOTE
r-devel-linux-x86_64-fedora-clang 0.1 120.91 NOTE
r-devel-linux-x86_64-fedora-gcc 0.1 116.21 NOTE
r-devel-windows-ix86+x86_64 0.1 35.00 189.00 224.00 NOTE
r-patched-linux-x86_64 0.1 NOTE
r-patched-solaris-x86 0.1 172.60 NOTE
r-release-linux-x86_64 0.1 18.15 80.07 98.22 NOTE
r-release-windows-ix86+x86_64 0.1 51.00 138.00 189.00 NOTE
r-release-osx-x86_64 0.1 NOTE
r-oldrel-windows-ix86+x86_64 0.1 45.00 122.00 167.00 NOTE
r-oldrel-osx-x86_64 0.1 NOTE

Additional issues

clang-UBSAN gcc-UBSAN

Check Details

Version: 0.1
Check: DESCRIPTION meta-information
Result: NOTE
    Malformed Title field: should not end in a period.
Flavors: r-devel-linux-x86_64-debian-clang, r-devel-linux-x86_64-debian-gcc, r-devel-linux-x86_64-fedora-clang, r-devel-linux-x86_64-fedora-gcc, r-devel-windows-ix86+x86_64, r-patched-linux-x86_64, r-patched-solaris-x86, r-release-linux-x86_64, r-release-windows-ix86+x86_64, r-release-osx-x86_64, r-oldrel-windows-ix86+x86_64, r-oldrel-osx-x86_64

Version: 0.1
Check: R code for possible problems
Result: NOTE
    computeContourValues: no visible global function definition for
     'na.omit'
    deselectNonMovementSteps : coOccurProb: no visible global function
     definition for 'dnorm'
    deselectNonMovementSteps: no visible global function definition for
     'pnorm'
    estVarMKDE: no visible global function definition for 'na.omit'
    estVarMKDE: no visible global function definition for 'qnorm'
    estVarMKDE: no visible global function definition for 'optimize'
    plotMKDE: no visible global function definition for 'rainbow'
    Undefined global functions or variables:
     dnorm na.omit optimize pnorm qnorm rainbow
    Consider adding
     importFrom("grDevices", "rainbow")
     importFrom("stats", "dnorm", "na.omit", "optimize", "pnorm", "qnorm")
    to your NAMESPACE file.
Flavors: r-devel-linux-x86_64-debian-clang, r-devel-linux-x86_64-debian-gcc, r-devel-linux-x86_64-fedora-clang, r-devel-linux-x86_64-fedora-gcc, r-devel-windows-ix86+x86_64, r-patched-linux-x86_64, r-patched-solaris-x86, r-release-linux-x86_64, r-release-windows-ix86+x86_64, r-release-osx-x86_64, r-oldrel-windows-ix86+x86_64, r-oldrel-osx-x86_64

Version: 0.1
Check: compiled code
Result: NOTE
    File ‘mkde/libs/mkde.so’:
     Found no calls to: ‘R_registerRoutines’, ‘R_useDynamicSymbols’
    
    It is good practice to register native routines and to disable symbol
    search.
    
    See ‘Writing portable packages’ in the ‘Writing R Extensions’ manual.
Flavors: r-devel-linux-x86_64-fedora-clang, r-devel-linux-x86_64-fedora-gcc