CRAN Package Check Results for Package mlVAR

Last updated on 2022-01-24 20:49:39 CET.

Flavor Version Tinstall Tcheck Ttotal Status Flags
r-devel-linux-x86_64-debian-clang 0.5 18.64 148.98 167.62 OK
r-devel-linux-x86_64-debian-gcc 0.5 15.21 111.55 126.76 OK
r-devel-linux-x86_64-fedora-clang 0.5 202.80 OK
r-devel-linux-x86_64-fedora-gcc 0.5 197.30 OK
r-devel-windows-x86_64-new-UL 0.5 33.00 155.00 188.00 OK
r-devel-windows-x86_64-new-TK 0.5 ERROR
r-patched-linux-x86_64 0.5 12.87 140.83 153.70 OK
r-release-linux-x86_64 0.5 13.37 140.22 153.59 OK
r-release-macos-arm64 0.5 OK
r-release-macos-x86_64 0.5 OK
r-release-windows-ix86+x86_64 0.5 43.00 157.00 200.00 OK
r-oldrel-macos-x86_64 0.5 OK
r-oldrel-windows-ix86+x86_64 0.5 44.00 158.00 202.00 OK

Check Details

Version: 0.5
Check: package dependencies
Result: ERROR
    Packages required but not available: 'lme4', 'arm'
    
    See section 'The DESCRIPTION file' in the 'Writing R Extensions'
    manual.
Flavor: r-devel-windows-x86_64-new-TK