CRAN Package Check Results for Package mlapi

Last updated on 2020-08-09 19:47:48 CEST.

Flavor Version Tinstall Tcheck Ttotal Status Flags
r-devel-linux-x86_64-debian-clang 0.1.0 6.26 23.29 29.55 NOTE
r-devel-linux-x86_64-debian-gcc 0.1.0 5.10 18.72 23.82 NOTE
r-devel-linux-x86_64-fedora-clang 0.1.0 45.39 NOTE
r-devel-linux-x86_64-fedora-gcc 0.1.0 37.58 NOTE
r-devel-windows-ix86+x86_64 0.1.0 17.00 46.00 63.00 NOTE
r-patched-linux-x86_64 0.1.0 4.65 23.45 28.10 NOTE
r-patched-solaris-x86 0.1.0 57.10 NOTE
r-release-linux-x86_64 0.1.0 6.15 23.00 29.15 NOTE
r-release-macos-x86_64 0.1.0 NOTE
r-release-windows-ix86+x86_64 0.1.0 15.00 35.00 50.00 NOTE
r-oldrel-macos-x86_64 0.1.0 NOTE
r-oldrel-windows-ix86+x86_64 0.1.0 8.00 36.00 44.00 OK

Check Details

Version: 0.1.0
Check: package vignettes
Result: NOTE
    Package vignette with placeholder title 'Vignette Title':
     'developing-with-mlapi.Rmd'
Flavors: r-devel-linux-x86_64-debian-clang, r-devel-linux-x86_64-debian-gcc, r-devel-windows-ix86+x86_64, r-patched-linux-x86_64, r-release-linux-x86_64, r-release-windows-ix86+x86_64

Version: 0.1.0
Check: dependencies in R code
Result: NOTE
    Namespaces in Imports field not imported from:
     ‘Matrix’ ‘R6’
     All declared Imports should be used.
Flavors: r-devel-linux-x86_64-fedora-clang, r-devel-linux-x86_64-fedora-gcc, r-patched-solaris-x86, r-release-macos-x86_64, r-oldrel-macos-x86_64