CRAN Package Check Results for Package mlbench

Last updated on 2023-01-29 06:52:05 CET.

Flavor Version Tinstall Tcheck Ttotal Status Flags
r-devel-linux-x86_64-debian-clang 2.1-3 4.79 44.39 49.18 WARN
r-devel-linux-x86_64-debian-gcc 2.1-3 3.53 35.66 39.19 WARN
r-devel-linux-x86_64-fedora-clang 2.1-3 63.46 WARN
r-devel-linux-x86_64-fedora-gcc 2.1-3 60.91 WARN
r-devel-windows-x86_64 2.1-3 41.00 86.00 127.00 NOTE
r-patched-linux-x86_64 2.1-3 4.58 42.20 46.78 OK
r-release-linux-x86_64 2.1-3 3.59 43.15 46.74 OK
r-release-macos-arm64 2.1-3 25.00 OK
r-release-macos-x86_64 2.1-3 36.00 OK
r-release-windows-x86_64 2.1-3 26.00 84.00 110.00 OK
r-oldrel-macos-arm64 2.1-3 30.00 OK
r-oldrel-macos-x86_64 2.1-3 48.00 OK
r-oldrel-windows-ix86+x86_64 2.1-3 11.00 89.00 100.00 OK

Check Details

Version: 2.1-3
Check: whether package can be installed
Result: WARN
    Found the following significant warnings:
     waveform.c:31:19: warning: a function declaration without a prototype is deprecated in all versions of C [-Wstrict-prototypes]
     waveform.c:44:16: warning: a function declaration without a prototype is deprecated in all versions of C [-Wstrict-prototypes]
    See ‘/home/hornik/tmp/R.check/r-devel-clang/Work/PKGS/mlbench.Rcheck/00install.out’ for details.
    * used C compiler: ‘Debian clang version 15.0.6’
Flavor: r-devel-linux-x86_64-debian-clang

Version: 2.1-3
Check: Rd files
Result: NOTE
    checkRd: (-1) BreastCancer.Rd:48: Escaped LaTeX specials: \&
    checkRd: (-1) Ionosphere.Rd:38: Escaped LaTeX specials: \&
    checkRd: (-1) Ionosphere.Rd:59: Escaped LaTeX specials: \&
    checkRd: (-1) PimaIndiansDiabetes.Rd:19: Escaped LaTeX specials: \^
Flavors: r-devel-linux-x86_64-debian-clang, r-devel-linux-x86_64-debian-gcc, r-devel-linux-x86_64-fedora-clang, r-devel-linux-x86_64-fedora-gcc, r-devel-windows-x86_64

Version: 2.1-3
Check: whether package can be installed
Result: WARN
    Found the following significant warnings:
     waveform.c:31:4: warning: function declaration isn’t a prototype [-Wstrict-prototypes]
     waveform.c:44:6: warning: function declaration isn’t a prototype [-Wstrict-prototypes]
    See ‘/home/hornik/tmp/R.check/r-devel-gcc/Work/PKGS/mlbench.Rcheck/00install.out’ for details.
    * used C compiler: ‘gcc-12 (Debian 12.2.0-14) 12.2.0’
Flavor: r-devel-linux-x86_64-debian-gcc

Version: 2.1-3
Check: whether package can be installed
Result: WARN
    Found the following significant warnings:
     waveform.c:31:19: warning: a function declaration without a prototype is deprecated in all versions of C [-Wstrict-prototypes]
     waveform.c:44:16: warning: a function declaration without a prototype is deprecated in all versions of C [-Wstrict-prototypes]
    See ‘/data/gannet/ripley/R/packages/tests-clang/mlbench.Rcheck/00install.out’ for details.
    * used C compiler: ‘clang version 15.0.6’
Flavor: r-devel-linux-x86_64-fedora-clang

Version: 2.1-3
Check: whether package can be installed
Result: WARN
    Found the following significant warnings:
     waveform.c:31:4: warning: function declaration isn’t a prototype [-Wstrict-prototypes]
     waveform.c:44:6: warning: function declaration isn’t a prototype [-Wstrict-prototypes]
    See ‘/data/gannet/ripley/R/packages/tests-devel/mlbench.Rcheck/00install.out’ for details.
    * used C compiler: ‘gcc (GCC) 12.2.1 20221121 (Red Hat 12.2.1-4)’
Flavor: r-devel-linux-x86_64-fedora-gcc