CRAN Package Check Results for Package mlbgameday

Last updated on 2019-09-18 20:46:54 CEST.

Flavor Version Tinstall Tcheck Ttotal Status Flags
r-devel-linux-x86_64-debian-clang 0.2.0 6.58 92.71 99.29 OK
r-devel-linux-x86_64-debian-gcc 0.2.0 6.04 71.66 77.70 OK
r-devel-linux-x86_64-fedora-clang 0.2.0 117.89 NOTE
r-devel-linux-x86_64-fedora-gcc 0.2.0 132.85 NOTE
r-devel-windows-ix86+x86_64 0.2.0 22.00 122.00 144.00 OK
r-patched-linux-x86_64 0.2.0 6.73 91.42 98.15 OK
r-patched-solaris-x86 0.2.0 178.20 NOTE
r-release-linux-x86_64 0.2.0 6.67 92.87 99.54 OK
r-release-windows-ix86+x86_64 0.2.0 16.00 147.00 163.00 OK
r-release-osx-x86_64 0.2.0 NOTE
r-oldrel-windows-ix86+x86_64 0.2.0 8.00 113.00 121.00 OK
r-oldrel-osx-x86_64 0.2.0 NOTE

Check Details

Version: 0.2.0
Check: dependencies in R code
Result: NOTE
    Namespaces in Imports field not imported from:
     ‘doParallel’ ‘iterators’ ‘parallel’
     All declared Imports should be used.
Flavors: r-devel-linux-x86_64-fedora-clang, r-devel-linux-x86_64-fedora-gcc, r-patched-solaris-x86, r-release-osx-x86_64, r-oldrel-osx-x86_64