CRAN Package Check Results for Package mlbgameday

Last updated on 2019-06-27 14:47:17 CEST.

Flavor Version Tinstall Tcheck Ttotal Status Flags
r-devel-linux-x86_64-debian-clang 0.2.0 6.35 92.35 98.70 OK
r-devel-linux-x86_64-debian-gcc 0.2.0 5.28 70.71 75.99 OK
r-devel-linux-x86_64-fedora-clang 0.2.0 115.46 NOTE
r-devel-linux-x86_64-fedora-gcc 0.2.0 110.72 NOTE
r-devel-windows-ix86+x86_64 0.2.0 21.00 155.00 176.00 OK
r-patched-linux-x86_64 0.2.0 7.28 91.81 99.09 OK
r-patched-solaris-x86 0.2.0 179.60 NOTE
r-release-linux-x86_64 0.2.0 6.98 91.71 98.69 OK
r-release-windows-ix86+x86_64 0.2.0 14.00 134.00 148.00 OK
r-release-osx-x86_64 0.2.0 NOTE
r-oldrel-windows-ix86+x86_64 0.2.0 8.00 102.00 110.00 OK
r-oldrel-osx-x86_64 0.2.0 NOTE

Check Details

Version: 0.2.0
Check: dependencies in R code
Result: NOTE
    Namespaces in Imports field not imported from:
     ‘doParallel’ ‘iterators’ ‘parallel’
     All declared Imports should be used.
Flavors: r-devel-linux-x86_64-fedora-clang, r-devel-linux-x86_64-fedora-gcc, r-patched-solaris-x86, r-release-osx-x86_64, r-oldrel-osx-x86_64