CRAN Package Check Results for Package mlbstats

Last updated on 2024-05-26 13:56:16 CEST.

Flavor Version Tinstall Tcheck Ttotal Status Flags
r-devel-linux-x86_64-debian-clang 0.1.0 2.82 24.45 27.27 NOTE
r-devel-linux-x86_64-debian-gcc 0.1.0 2.01 19.52 21.53 NOTE
r-devel-linux-x86_64-fedora-clang 0.1.0 35.20 NOTE
r-devel-linux-x86_64-fedora-gcc 0.1.0 33.78 NOTE
r-devel-windows-x86_64 0.1.0 3.00 45.00 48.00 NOTE
r-patched-linux-x86_64 0.1.0 3.11 24.55 27.66 NOTE
r-release-linux-x86_64 0.1.0 2.35 23.76 26.11 NOTE
r-release-macos-arm64 0.1.0 15.00 NOTE
r-release-windows-x86_64 0.1.0 4.00 44.00 48.00 NOTE
r-oldrel-macos-arm64 0.1.0 15.00 NOTE
r-oldrel-macos-x86_64 0.1.0 20.00 NOTE
r-oldrel-windows-x86_64 0.1.0 5.00 46.00 51.00 NOTE

Check Details

Version: 0.1.0
Check: LazyData
Result: NOTE 'LazyData' is specified without a 'data' directory Flavors: r-devel-linux-x86_64-debian-clang, r-devel-linux-x86_64-debian-gcc, r-devel-linux-x86_64-fedora-clang, r-devel-linux-x86_64-fedora-gcc, r-devel-windows-x86_64, r-patched-linux-x86_64, r-release-linux-x86_64, r-release-macos-arm64, r-release-windows-x86_64, r-oldrel-macos-arm64, r-oldrel-macos-x86_64, r-oldrel-windows-x86_64