CRAN Package Check Results for Package mleap

Last updated on 2019-09-16 14:47:16 CEST.

Flavor Version Tinstall Tcheck Ttotal Status Flags
r-devel-linux-x86_64-debian-clang 0.1.3 6.69 55.18 61.87 OK
r-devel-linux-x86_64-debian-gcc 0.1.3 5.07 42.61 47.68 OK
r-devel-linux-x86_64-fedora-clang 0.1.3 77.81 OK
r-devel-linux-x86_64-fedora-gcc 0.1.3 73.25 OK
r-devel-windows-ix86+x86_64 0.1.3 14.00 5.00 19.00 ERROR
r-patched-linux-x86_64 0.1.3 6.24 55.61 61.85 OK
r-patched-solaris-x86 0.1.3 104.10 OK
r-release-linux-x86_64 0.1.3 6.19 53.58 59.77 OK
r-release-windows-ix86+x86_64 0.1.3 19.00 91.00 110.00 OK
r-release-osx-x86_64 0.1.3 OK
r-oldrel-windows-ix86+x86_64 0.1.3 12.00 67.00 79.00 OK
r-oldrel-osx-x86_64 0.1.3 OK

Check Details

Version: 0.1.3
Check: whether package can be installed
Result: ERROR
    Installation failed.
Flavor: r-devel-windows-ix86+x86_64