CRAN Package Check Results for Package mlegp

Last updated on 2024-07-15 03:49:32 CEST.

Flavor Version Tinstall Tcheck Ttotal Status Flags
r-devel-linux-x86_64-debian-clang 3.1.9 6.49 42.64 49.13 NOTE
r-devel-linux-x86_64-debian-gcc 3.1.9 5.29 32.30 37.59 NOTE
r-devel-linux-x86_64-fedora-clang 3.1.9 64.18 NOTE
r-devel-linux-x86_64-fedora-gcc 3.1.9 72.41 NOTE
r-devel-windows-x86_64 3.1.9 10.00 73.00 83.00 NOTE
r-patched-linux-x86_64 3.1.9 6.43 40.68 47.11 NOTE
r-release-linux-x86_64 3.1.9 6.50 40.14 46.64 NOTE
r-release-macos-arm64 3.1.9 30.00 NOTE
r-release-macos-x86_64 3.1.9 45.00 NOTE
r-release-windows-x86_64 3.1.9 10.00 71.00 81.00 NOTE
r-oldrel-macos-arm64 3.1.9 30.00 NOTE
r-oldrel-macos-x86_64 3.1.9 45.00 NOTE
r-oldrel-windows-x86_64 3.1.9 10.00 73.00 83.00 NOTE

Check Details

Version: 3.1.9
Check: Rd files
Result: NOTE checkRd: (-1) gp.list.Rd:16: Escaped LaTeX specials: \# Flavors: r-devel-linux-x86_64-debian-clang, r-devel-linux-x86_64-debian-gcc, r-devel-linux-x86_64-fedora-clang, r-devel-linux-x86_64-fedora-gcc, r-devel-windows-x86_64, r-patched-linux-x86_64, r-release-linux-x86_64, r-release-macos-arm64, r-release-macos-x86_64, r-release-windows-x86_64, r-oldrel-macos-arm64, r-oldrel-macos-x86_64, r-oldrel-windows-x86_64