CRAN Package Check Results for Package mlergm

Last updated on 2019-01-19 11:54:42 CET.

Flavor Version Tinstall Tcheck Ttotal Status Flags
r-devel-linux-x86_64-debian-clang 0.1 11.05 101.99 113.04 OK
r-devel-linux-x86_64-debian-gcc 0.1 8.09 77.79 85.88 OK
r-devel-linux-x86_64-fedora-clang 0.1 127.64 OK
r-devel-linux-x86_64-fedora-gcc 0.1 120.59 OK
r-devel-windows-ix86+x86_64 0.1 19.00 155.00 174.00 OK
r-patched-linux-x86_64 0.1 8.49 93.19 101.68 OK
r-patched-solaris-x86 0.1 192.60 OK
r-release-linux-x86_64 0.1 7.58 91.47 99.05 OK
r-release-windows-ix86+x86_64 0.1 19.00 159.00 178.00 OK
r-release-osx-x86_64 0.1 OK
r-oldrel-osx-x86_64 0.1 ERROR

Check Details

Version: 0.1
Check: whether package can be installed
Result: ERROR
    Installation failed.
Flavor: r-oldrel-osx-x86_64