CRAN Package Check Results for Package mlergm

Last updated on 2019-06-25 09:50:52 CEST.

Flavor Version Tinstall Tcheck Ttotal Status Flags
r-devel-linux-x86_64-debian-clang 0.2 13.49 101.95 115.44 OK
r-devel-linux-x86_64-debian-gcc 0.2 11.34 80.37 91.71 OK
r-devel-linux-x86_64-fedora-clang 0.2 135.08 OK
r-devel-linux-x86_64-fedora-gcc 0.2 129.59 OK
r-devel-windows-ix86+x86_64 0.2 36.00 117.00 153.00 OK
r-patched-linux-x86_64 0.2 12.51 99.76 112.27 OK
r-patched-solaris-x86 0.2 203.20 OK
r-release-linux-x86_64 0.2 13.39 100.46 113.85 OK
r-release-windows-ix86+x86_64 0.2 24.00 148.00 172.00 OK
r-release-osx-x86_64 0.2 OK
r-oldrel-windows-ix86+x86_64 0.2 5.00 4.00 9.00 ERROR
r-oldrel-osx-x86_64 0.2 ERROR

Check Details

Version: 0.2
Check: package dependencies
Result: ERROR
    Package required and available but unsuitable version: 'parallel'
    
    See section 'The DESCRIPTION file' in the 'Writing R Extensions'
    manual.
Flavor: r-oldrel-windows-ix86+x86_64

Version: 0.2
Check: package dependencies
Result: ERROR
    Packages required and available but unsuitable versions: ‘ergm’ ‘parallel’
    
    See section ‘The DESCRIPTION file’ in the ‘Writing R Extensions’
    manual.
Flavor: r-oldrel-osx-x86_64