CRAN Package Check Results for Package mlergm

Last updated on 2019-03-24 04:47:04 CET.

Flavor Version Tinstall Tcheck Ttotal Status Flags
r-devel-linux-x86_64-debian-clang 0.1 12.91 102.55 115.46 WARN
r-devel-linux-x86_64-debian-gcc 0.1 10.15 82.85 93.00 OK
r-devel-linux-x86_64-fedora-clang 0.1 139.77 OK
r-devel-linux-x86_64-fedora-gcc 0.1 129.48 OK
r-devel-windows-ix86+x86_64 0.1 32.00 160.00 192.00 OK
r-patched-linux-x86_64 0.1 7.54 98.90 106.44 OK
r-patched-solaris-x86 0.1 188.40 OK
r-release-linux-x86_64 0.1 0.30 2.47 2.77 ERROR
r-release-windows-ix86+x86_64 0.1 16.00 112.00 128.00 OK
r-release-osx-x86_64 0.1 OK
r-oldrel-osx-x86_64 0.1 ERROR

Check Details

Version: 0.1
Check: whether package can be installed
Result: WARN
    Found the following significant warnings:
     Warning: unable to re-encode 'data.R' lines 16, 17, 20
Flavor: r-devel-linux-x86_64-debian-clang

Version: 0.1
Check: whether package can be installed
Result: ERROR
    Installation failed.
Flavors: r-release-linux-x86_64, r-oldrel-osx-x86_64