CRAN Package Check Results for Package mlf

Last updated on 2022-08-15 02:53:47 CEST.

Flavor Version Tinstall Tcheck Ttotal Status Flags
r-devel-linux-x86_64-debian-clang 1.2.1 1.84 32.20 34.04 NOTE
r-devel-linux-x86_64-debian-gcc 1.2.1 1.94 24.54 26.48 NOTE
r-devel-linux-x86_64-fedora-clang 1.2.1 51.81 NOTE
r-devel-linux-x86_64-fedora-gcc 1.2.1 49.81 NOTE
r-devel-windows-x86_64 1.2.1 11.00 57.00 68.00 NOTE
r-patched-linux-x86_64 1.2.1 2.46 31.11 33.57 NOTE
r-release-linux-x86_64 1.2.1 2.19 31.08 33.27 NOTE
r-release-macos-arm64 1.2.1 19.00 NOTE
r-release-macos-x86_64 1.2.1 22.00 NOTE
r-release-windows-x86_64 1.2.1 8.00 55.00 63.00 NOTE
r-oldrel-macos-arm64 1.2.1 20.00 NOTE
r-oldrel-macos-x86_64 1.2.1 30.00 NOTE
r-oldrel-windows-ix86+x86_64 1.2.1 6.00 34.00 40.00 NOTE

Check Details

Version: 1.2.1
Check: LazyData
Result: NOTE
     'LazyData' is specified without a 'data' directory
Flavors: r-devel-linux-x86_64-debian-clang, r-devel-linux-x86_64-debian-gcc, r-devel-linux-x86_64-fedora-clang, r-devel-linux-x86_64-fedora-gcc, r-devel-windows-x86_64, r-patched-linux-x86_64, r-release-linux-x86_64, r-release-macos-arm64, r-release-macos-x86_64, r-release-windows-x86_64, r-oldrel-macos-arm64, r-oldrel-macos-x86_64, r-oldrel-windows-ix86+x86_64