CRAN Package Check Results for Package mlflow

Last updated on 2019-01-18 10:47:19 CET.

Flavor Version Tinstall Tcheck Ttotal Status Flags
r-devel-linux-x86_64-debian-clang 0.8.0 6.78 64.00 70.78 OK
r-devel-linux-x86_64-debian-gcc 0.8.0 4.79 50.59 55.38 OK
r-devel-linux-x86_64-fedora-clang 0.8.0 85.46 NOTE
r-devel-linux-x86_64-fedora-gcc 0.8.0 85.52 NOTE
r-devel-windows-ix86+x86_64 0.8.0 13.00 101.00 114.00 OK
r-patched-linux-x86_64 0.8.0 4.71 60.28 64.99 OK
r-patched-solaris-x86 0.8.0 124.10 NOTE
r-release-linux-x86_64 0.8.0 5.22 60.38 65.60 OK
r-release-windows-ix86+x86_64 0.8.0 14.00 99.00 113.00 OK
r-release-osx-x86_64 0.8.0 NOTE
r-oldrel-windows-ix86+x86_64 0.8.0 15.00 78.00 93.00 OK
r-oldrel-osx-x86_64 0.8.0 NOTE

Check Details

Version: 0.8.0
Check: dependencies in R code
Result: NOTE
    Namespace in Imports field not imported from: ‘aws.s3’
     All declared Imports should be used.
Flavors: r-devel-linux-x86_64-fedora-clang, r-devel-linux-x86_64-fedora-gcc, r-patched-solaris-x86, r-release-osx-x86_64, r-oldrel-osx-x86_64