CRAN Package Check Results for Package mlflow

Last updated on 2019-07-23 07:48:50 CEST.

Flavor Version Tinstall Tcheck Ttotal Status Flags
r-devel-linux-x86_64-debian-clang 1.0.0 7.94 63.20 71.14 OK
r-devel-linux-x86_64-debian-gcc 1.0.0 6.08 51.37 57.45 OK
r-devel-linux-x86_64-fedora-clang 1.0.0 86.01 NOTE
r-devel-linux-x86_64-fedora-gcc 1.0.0 84.41 NOTE
r-devel-windows-ix86+x86_64 1.0.0 17.00 79.00 96.00 OK
r-patched-linux-x86_64 1.0.0 7.74 63.55 71.29 OK
r-patched-solaris-x86 1.0.0 139.30 NOTE
r-release-linux-x86_64 1.0.0 7.40 63.88 71.28 OK
r-release-windows-ix86+x86_64 1.0.0 17.00 79.00 96.00 OK
r-release-osx-x86_64 1.0.0 NOTE
r-oldrel-windows-ix86+x86_64 1.0.0 14.00 112.00 126.00 OK
r-oldrel-osx-x86_64 1.0.0 NOTE

Check Details

Version: 1.0.0
Check: dependencies in R code
Result: NOTE
    Namespace in Imports field not imported from: ‘xml2’
     All declared Imports should be used.
Flavors: r-devel-linux-x86_64-fedora-clang, r-devel-linux-x86_64-fedora-gcc, r-patched-solaris-x86, r-release-osx-x86_64, r-oldrel-osx-x86_64