CRAN Package Check Results for Package mlim

Last updated on 2024-02-25 15:51:28 CET.

Flavor Version Tinstall Tcheck Ttotal Status Flags
r-devel-linux-x86_64-debian-clang 0.3.0 17.26 134.95 152.21 NOTE
r-devel-linux-x86_64-debian-gcc 0.3.0 14.19 99.39 113.58 NOTE
r-devel-linux-x86_64-fedora-clang 0.3.0 183.85 OK
r-devel-linux-x86_64-fedora-gcc 0.3.0 175.89 OK
r-devel-windows-x86_64 0.3.0 15.00 106.00 121.00 OK
r-patched-linux-x86_64 0.3.0 15.10 131.75 146.85 OK
r-release-linux-x86_64 0.3.0 15.93 129.88 145.81 OK
r-release-macos-arm64 0.3.0 55.00 OK
r-release-macos-x86_64 0.3.0 91.00 OK
r-release-windows-x86_64 0.3.0 21.00 133.00 154.00 OK
r-oldrel-macos-arm64 0.3.0 46.00 OK
r-oldrel-windows-x86_64 0.3.0 21.00 133.00 154.00 OK

Check Details

Version: 0.3.0
Check: Rd files
Result: NOTE checkRd: (-1) mlim.Rd:58: Lost braces 58 | Note that code{"XGB"} is only available in Mac OS and Linux. moreover, | ^ Flavors: r-devel-linux-x86_64-debian-clang, r-devel-linux-x86_64-debian-gcc