CRAN Package Check Results for Package mlr

Last updated on 2020-03-30 12:49:12 CEST.

Flavor Version Tinstall Tcheck Ttotal Status Flags
r-devel-linux-x86_64-debian-clang 2.17.1 38.79 247.11 285.90 OK
r-devel-linux-x86_64-debian-gcc 2.17.1 32.22 185.69 217.91 OK
r-devel-linux-x86_64-fedora-clang 2.17.1 339.17 NOTE
r-devel-linux-x86_64-fedora-gcc 2.17.1 239.76 NOTE
r-devel-windows-ix86+x86_64 2.17.0 75.00 254.00 329.00 ERROR
r-devel-windows-ix86+x86_64-gcc8 2.17.1 60.00 327.00 387.00 OK
r-patched-linux-x86_64 2.17.1 38.14 237.24 275.38 OK
r-patched-solaris-x86 2.17.1 450.30 NOTE
r-release-linux-x86_64 2.17.1 32.37 220.38 252.75 OK
r-release-windows-ix86+x86_64 2.17.0 118.00 487.00 605.00 NOTE
r-release-osx-x86_64 2.17.1 NOTE
r-oldrel-windows-ix86+x86_64 2.17.0 76.00 444.00 520.00 NOTE
r-oldrel-osx-x86_64 2.17.1 NOTE

Check Details

Version: 2.17.1
Check: package dependencies
Result: NOTE
    Package suggested but not available for checking: ‘irace’
Flavors: r-devel-linux-x86_64-fedora-clang, r-devel-linux-x86_64-fedora-gcc

Version: 2.17.1
Check: installed package size
Result: NOTE
     installed size is 5.0Mb
     sub-directories of 1Mb or more:
     R 1.5Mb
     data 2.3Mb
Flavors: r-devel-linux-x86_64-fedora-clang, r-patched-solaris-x86, r-release-osx-x86_64, r-oldrel-osx-x86_64

Version: 2.17.1
Check: Rd cross-references
Result: NOTE
    Unknown package ‘irace’ in Rd xrefs
Flavors: r-devel-linux-x86_64-fedora-clang, r-devel-linux-x86_64-fedora-gcc

Version: 2.17.0
Check: installed package size
Result: NOTE
     installed size is 5.6Mb
     sub-directories of 1Mb or more:
     R 1.5Mb
     data 2.3Mb
     help 1.4Mb
Flavors: r-devel-windows-ix86+x86_64, r-release-windows-ix86+x86_64, r-oldrel-windows-ix86+x86_64

Version: 2.17.0
Check: running examples for arch ‘i386’
Result: ERROR
    Running examples in 'mlr-Ex.R' failed
    The error most likely occurred in:
    
    > ### Name: generateLearningCurveData
    > ### Title: Generates a learning curve.
    > ### Aliases: generateLearningCurveData LearningCurveData
    >
    > ### ** Examples
    >
    > r = generateLearningCurveData(list("classif.rpart", "classif.knn"),
    + task = sonar.task, percs = seq(0.2, 1, by = 0.2),
    + measures = list(tp, fp, tn, fn), resampling = makeResampleDesc(method = "Subsample", iters = 5),
    + show.info = FALSE)
    Error in data.frame(..., check.names = FALSE) :
     arguments imply differing number of rows: 0, 10
    Calls: generateLearningCurveData -> cbind -> cbind -> data.frame
    Execution halted
Flavor: r-devel-windows-ix86+x86_64

Version: 2.17.0
Check: running examples for arch ‘x64’
Result: ERROR
    Running examples in 'mlr-Ex.R' failed
    The error most likely occurred in:
    
    > ### Name: generateLearningCurveData
    > ### Title: Generates a learning curve.
    > ### Aliases: generateLearningCurveData LearningCurveData
    >
    > ### ** Examples
    >
    > r = generateLearningCurveData(list("classif.rpart", "classif.knn"),
    + task = sonar.task, percs = seq(0.2, 1, by = 0.2),
    + measures = list(tp, fp, tn, fn), resampling = makeResampleDesc(method = "Subsample", iters = 5),
    + show.info = FALSE)
    Error in data.frame(..., check.names = FALSE) :
     arguments imply differing number of rows: 0, 10
    Calls: generateLearningCurveData -> cbind -> cbind -> data.frame
    Execution halted
Flavor: r-devel-windows-ix86+x86_64

Version: 2.17.1
Check: package dependencies
Result: NOTE
    Packages suggested but not available for checking:
     'FSelector', 'irace', 'RWeka'
Flavor: r-patched-solaris-x86