CRAN Package Check Results for Package mlr

Last updated on 2021-06-22 09:51:42 CEST.

Flavor Version Tinstall Tcheck Ttotal Status Flags
r-devel-linux-x86_64-debian-clang 2.19.0 36.21 266.40 302.61 OK
r-devel-linux-x86_64-debian-gcc 2.19.0 31.08 198.88 229.96 OK
r-devel-linux-x86_64-fedora-clang 2.19.0 363.03 NOTE
r-devel-linux-x86_64-fedora-gcc 2.19.0 374.65 OK
r-devel-windows-x86_64 2.19.0 58.00 239.00 297.00 OK
r-devel-windows-x86_64-gcc10-UCRT 2.19.0 NOTE
r-patched-linux-x86_64 2.19.0 48.79 251.30 300.09 OK
r-patched-solaris-x86 2.19.0 438.30 NOTE
r-release-linux-x86_64 2.19.0 34.36 251.27 285.63 OK
r-release-macos-arm64 2.19.0 NOTE
r-release-macos-x86_64 2.19.0 NOTE
r-release-windows-ix86+x86_64 2.19.0 71.00 404.00 475.00 OK
r-oldrel-macos-x86_64 2.19.0 NOTE

Check Details

Version: 2.19.0
Check: installed package size
Result: NOTE
     installed size is 5.0Mb
     sub-directories of 1Mb or more:
     R 1.5Mb
     data 2.3Mb
Flavors: r-devel-linux-x86_64-fedora-clang, r-patched-solaris-x86, r-release-macos-arm64

Version: 2.19.0
Check: package dependencies
Result: NOTE
    Packages suggested but not available for checking:
     'forecast', 'ggpubr', 'lintr', 'mlrMBO', 'rrlda', 'smoof',
     'tsfeatures'
Flavor: r-devel-windows-x86_64-gcc10-UCRT

Version: 2.19.0
Check: Rd cross-references
Result: NOTE
    Packages unavailable to check Rd xrefs: 'mlrMBO', 'tsfeatures'
Flavor: r-devel-windows-x86_64-gcc10-UCRT

Version: 2.19.0
Check: package dependencies
Result: NOTE
    Packages suggested but not available for checking: 'FSelector', 'RWeka'
Flavor: r-patched-solaris-x86

Version: 2.19.0
Check: package dependencies
Result: NOTE
    Packages suggested but not available for checking: 'Rmpi', 'sf'
Flavor: r-release-macos-arm64

Version: 2.19.0
Check: package dependencies
Result: NOTE
    Package suggested but not available for checking: ‘Rmpi’
Flavors: r-release-macos-x86_64, r-oldrel-macos-x86_64