CRAN Package Check Results for Package mlr

Last updated on 2019-09-19 04:48:12 CEST.

Flavor Version Tinstall Tcheck Ttotal Status Flags
r-devel-linux-x86_64-debian-clang 2.15.0 32.13 224.22 256.35 OK
r-devel-linux-x86_64-debian-gcc 2.15.0 31.33 171.84 203.17 OK
r-devel-linux-x86_64-fedora-clang 2.15.0 318.03 NOTE
r-devel-linux-x86_64-fedora-gcc 2.15.0 314.68 OK
r-devel-windows-ix86+x86_64 2.15.0 101.00 465.00 566.00 NOTE
r-patched-linux-x86_64 2.15.0 31.77 219.42 251.19 OK
r-patched-solaris-x86 2.15.0 411.10 NOTE
r-release-linux-x86_64 2.15.0 32.41 221.06 253.47 OK
r-release-windows-ix86+x86_64 2.15.0 56.00 321.00 377.00 NOTE
r-release-osx-x86_64 2.15.0 NOTE
r-oldrel-windows-ix86+x86_64 2.15.0 45.00 280.00 325.00 NOTE
r-oldrel-osx-x86_64 2.15.0 NOTE

Check Details

Version: 2.15.0
Check: installed package size
Result: NOTE
     installed size is 5.5Mb
     sub-directories of 1Mb or more:
     R 1.4Mb
     data 2.3Mb
     help 1.4Mb
Flavors: r-devel-linux-x86_64-fedora-clang, r-devel-windows-ix86+x86_64, r-patched-solaris-x86, r-release-windows-ix86+x86_64, r-release-osx-x86_64, r-oldrel-windows-ix86+x86_64, r-oldrel-osx-x86_64

Version: 2.15.0
Check: package dependencies
Result: NOTE
    Packages suggested but not available for checking: 'FSelector', 'RWeka'
Flavor: r-patched-solaris-x86

Version: 2.15.0
Check: dependencies in R code
Result: NOTE
    No protocol specified
Flavors: r-release-osx-x86_64, r-oldrel-osx-x86_64