Last updated on 2025-01-18 21:48:28 CET.
Flavor | Version | Tinstall | Tcheck | Ttotal | Status | Flags |
---|---|---|---|---|---|---|
r-devel-linux-x86_64-debian-clang | 2.19.2 | 35.12 | 244.36 | 279.48 | NOTE | |
r-devel-linux-x86_64-debian-gcc | 2.19.2 | 23.66 | 160.55 | 184.21 | NOTE | |
r-devel-linux-x86_64-fedora-clang | 2.19.2 | 439.53 | OK | |||
r-devel-linux-x86_64-fedora-gcc | 2.19.2 | 414.33 | OK | |||
r-devel-windows-x86_64 | 2.19.2 | 39.00 | 292.00 | 331.00 | NOTE | |
r-patched-linux-x86_64 | 2.19.2 | 48.81 | 221.30 | 270.11 | NOTE | |
r-release-linux-x86_64 | 2.19.2 | 33.30 | 222.09 | 255.39 | NOTE | |
r-release-macos-arm64 | 2.19.2 | 116.00 | NOTE | |||
r-release-macos-x86_64 | 2.19.2 | 365.00 | NOTE | |||
r-release-windows-x86_64 | 2.19.2 | 39.00 | 278.00 | 317.00 | OK | |
r-oldrel-macos-arm64 | 2.19.2 | 117.00 | NOTE | |||
r-oldrel-macos-x86_64 | 2.19.2 | 247.00 | NOTE | |||
r-oldrel-windows-x86_64 | 2.19.2 | 48.00 | 365.00 | 413.00 | OK |
Version: 2.19.2
Check: Rd cross-references
Result: NOTE
Found the following Rd file(s) with Rd \link{} targets missing package
anchors:
TuneMultiCritControl.Rd: OptPath
batchmark.Rd: data.table
getClassWeightParam.Rd: LearnerParam
getLearnerParamSet.Rd: ParamSet
getParamSet.Rd: ParamSet
makeBaseWrapper.Rd: ParamSet
makeExtractFDAFeatMethod.Rd: ParamSet
makeModelMultiplexerParamSet.Rd: ParamSet
makeTuneControlMBO.Rd: OptPath
Please provide package anchors for all Rd \link{} targets not in the
package itself and the base packages.
Flavors: r-devel-linux-x86_64-debian-clang, r-devel-linux-x86_64-debian-gcc, r-devel-windows-x86_64
Version: 2.19.2
Check: package dependencies
Result: NOTE
Package suggested but not available for checking: ‘h2o’
Flavors: r-patched-linux-x86_64, r-release-linux-x86_64
Version: 2.19.2
Check: package dependencies
Result: NOTE
Package suggested but not available for checking: ‘Rmpi’
Flavors: r-release-macos-arm64, r-release-macos-x86_64, r-oldrel-macos-arm64, r-oldrel-macos-x86_64
Version: 2.19.2
Check: installed package size
Result: NOTE
installed size is 5.6Mb
sub-directories of 1Mb or more:
R 2.0Mb
data 2.3Mb
Flavors: r-release-macos-arm64, r-release-macos-x86_64, r-oldrel-macos-arm64, r-oldrel-macos-x86_64