CRAN Package Check Results for Package mlr

Last updated on 2019-03-23 14:47:26 CET.

Flavor Version Tinstall Tcheck Ttotal Status Flags
r-devel-linux-x86_64-debian-clang 2.13 32.04 220.80 252.84 WARN
r-devel-linux-x86_64-debian-gcc 2.13 28.60 179.19 207.79 OK
r-devel-linux-x86_64-fedora-clang 2.13 330.66 OK
r-devel-linux-x86_64-fedora-gcc 2.13 309.21 OK
r-devel-windows-ix86+x86_64 2.13 77.00 424.00 501.00 OK
r-patched-linux-x86_64 2.13 27.67 214.53 242.20 OK
r-patched-solaris-x86 2.13 386.90 NOTE
r-release-linux-x86_64 2.13 1.29 10.66 11.95 ERROR
r-release-windows-ix86+x86_64 2.13 52.00 302.00 354.00 WARN
r-release-osx-x86_64 2.13 OK
r-oldrel-windows-ix86+x86_64 2.13 60.00 424.00 484.00 OK
r-oldrel-osx-x86_64 2.13 OK

Check Details

Version: 2.13
Check: whether package can be installed
Result: WARN
    Found the following significant warnings:
     Warning: unable to re-encode 'RLearner_classif_h2odeeplearning.R' line 29
     Warning: unable to re-encode 'RLearner_regr_h2odeeplearning.R' line 29
     Warning: unable to re-encode 'datasets.R' line 180
Flavor: r-devel-linux-x86_64-debian-clang

Version: 2.13
Check: package dependencies
Result: NOTE
    Packages suggested but not available for checking:
     ‘FSelector’ ‘RWeka’ ‘xgboost’
Flavor: r-patched-solaris-x86

Version: 2.13
Check: installed package size
Result: NOTE
     installed size is 5.1Mb
     sub-directories of 1Mb or more:
     R 1.5Mb
     data 2.4Mb
Flavor: r-patched-solaris-x86

Version: 2.13
Check: whether package can be installed
Result: ERROR
    Installation failed.
Flavor: r-release-linux-x86_64

Version: 2.13
Check: whether package can be installed
Result: WARN
    Found the following significant warnings:
     Warning: S3 methods '[.fun_list', '[.grouped_df', 'all.equal.tbl_df', 'anti_join.data.frame', 'anti_join.tbl_df', 'arrange.data.frame', 'arrange.default', 'arrange.grouped_df', 'arrange.tbl_df', 'arrange_.data.frame', 'arrange_.tbl_df', 'as.data.frame.grouped_df', 'as.data.frame.rowwise_df', 'as.data.frame.tbl_cube', 'as.table.tbl_cube', 'as.tbl.data.frame', 'as.tbl.tbl', 'as.tbl_cube.array', 'as.tbl_cube.data.frame', 'as.tbl_cube.matrix', 'as.tbl_cube.table', 'as_tibble.grouped_df', 'as_tibble.tbl_cube', 'auto_copy.tbl_cube', 'auto_copy.tbl_df', 'cbind.grouped_df', 'collapse.data.frame', 'collect.data.frame', 'common_by.NULL', 'common_by.character', 'common_by.default', 'common_by.list', 'compute.data.frame', 'copy_to.DBIConnection', 'copy_to.src_local', 'default_missing.data.frame', 'default_missing.default', 'dim.tbl_cube', 'distinct.data.frame', 'distinct.default', 'distinct.grouped_df', 'distinct.tbl_df', 'distinct_.data.frame', 'distinct_.grouped_df', 'distinct_.tbl_df', 'do.NULL', 'do.da [... truncated]
Flavor: r-release-windows-ix86+x86_64