CRAN Package Check Results for Package mlr

Last updated on 2022-06-28 17:50:53 CEST.

Flavor Version Tinstall Tcheck Ttotal Status Flags
r-devel-linux-x86_64-debian-clang 2.19.0 40.89 289.27 330.16 NOTE
r-devel-linux-x86_64-debian-gcc 2.19.0 32.34 211.84 244.18 NOTE
r-devel-linux-x86_64-fedora-clang 2.19.0 401.57 NOTE
r-devel-linux-x86_64-fedora-gcc 2.19.0 419.94 NOTE
r-devel-windows-x86_64 2.19.0 324.00 352.00 676.00 NOTE
r-patched-linux-x86_64 2.19.0 49.50 270.21 319.71 NOTE
r-release-linux-x86_64 2.19.0 36.85 271.82 308.67 NOTE
r-release-macos-arm64 2.19.0 94.00 NOTE
r-release-macos-x86_64 2.19.0 141.00 NOTE
r-release-windows-x86_64 2.19.0 265.00 345.00 610.00 NOTE
r-oldrel-macos-arm64 2.19.0 105.00 NOTE
r-oldrel-macos-x86_64 2.19.0 254.00 NOTE
r-oldrel-windows-ix86+x86_64 2.19.0 75.00 422.00 497.00 OK

Check Details

Version: 2.19.0
Check: package dependencies
Result: NOTE
    Packages suggested but not available for checking:
     'DiscriMiner', 'extraTrees', 'FDboost', 'nodeHarvest', 'rknn',
     'rrlda'
Flavors: r-devel-linux-x86_64-debian-clang, r-devel-linux-x86_64-debian-gcc, r-devel-linux-x86_64-fedora-clang, r-devel-linux-x86_64-fedora-gcc, r-patched-linux-x86_64, r-release-linux-x86_64

Version: 2.19.0
Check: Rd cross-references
Result: NOTE
    Unknown package 'FDboost' in Rd xrefs
Flavors: r-devel-linux-x86_64-debian-clang, r-devel-linux-x86_64-debian-gcc, r-devel-linux-x86_64-fedora-clang, r-devel-linux-x86_64-fedora-gcc, r-patched-linux-x86_64, r-release-linux-x86_64, r-release-macos-x86_64

Version: 2.19.0
Check: installed package size
Result: NOTE
     installed size is 5.0Mb
     sub-directories of 1Mb or more:
     R 1.5Mb
     data 2.3Mb
Flavors: r-devel-linux-x86_64-fedora-clang, r-release-macos-arm64, r-oldrel-macos-arm64

Version: 2.19.0
Check: package dependencies
Result: NOTE
    Package suggested but not available for checking: 'rrlda'
Flavors: r-devel-windows-x86_64, r-release-windows-x86_64

Version: 2.19.0
Check: package dependencies
Result: NOTE
    Packages suggested but not available for checking: 'Rmpi', 'rrlda'
Flavor: r-release-macos-arm64

Version: 2.19.0
Check: package dependencies
Result: NOTE
    Packages suggested but not available for checking:
     'FDboost', 'Rmpi', 'rrlda'
Flavor: r-release-macos-x86_64

Version: 2.19.0
Check: package dependencies
Result: NOTE
    Package suggested but not available for checking: ‘Rmpi’
Flavors: r-oldrel-macos-arm64, r-oldrel-macos-x86_64