CRAN Package Check Results for Package mlr

Last updated on 2019-05-24 21:47:49 CEST.

Flavor Version Tinstall Tcheck Ttotal Status Flags
r-devel-linux-x86_64-debian-clang 2.14.0 32.07 227.09 259.16 NOTE
r-devel-linux-x86_64-debian-gcc 2.14.0 28.01 174.29 202.30 NOTE
r-devel-linux-x86_64-fedora-clang 2.14.0 182.13 NOTE
r-devel-linux-x86_64-fedora-gcc 2.14.0 173.83 NOTE
r-devel-windows-ix86+x86_64 2.14.0 54.00 350.00 404.00 NOTE
r-patched-linux-x86_64 2.14.0 NOTE
r-patched-solaris-x86 2.14.0 401.00 NOTE
r-release-linux-x86_64 2.14.0 32.25 224.87 257.12 NOTE
r-release-windows-ix86+x86_64 2.14.0 77.00 460.00 537.00 NOTE
r-release-osx-x86_64 2.14.0 NOTE
r-oldrel-windows-ix86+x86_64 2.14.0 65.00 388.00 453.00 WARN
r-oldrel-osx-x86_64 2.14.0 NOTE

Check Details

Version: 2.14.0
Check: package dependencies
Result: NOTE
    Package suggested but not available for checking: 'liquidSVM'
Flavors: r-devel-linux-x86_64-debian-clang, r-devel-linux-x86_64-debian-gcc, r-devel-linux-x86_64-fedora-clang, r-devel-linux-x86_64-fedora-gcc, r-patched-linux-x86_64, r-release-linux-x86_64

Version: 2.14.0
Check: installed package size
Result: NOTE
     installed size is 5.5Mb
     sub-directories of 1Mb or more:
     R 1.4Mb
     data 2.3Mb
     help 1.4Mb
Flavors: r-devel-linux-x86_64-fedora-clang, r-devel-windows-ix86+x86_64, r-patched-solaris-x86, r-release-windows-ix86+x86_64, r-release-osx-x86_64, r-oldrel-windows-ix86+x86_64, r-oldrel-osx-x86_64

Version: 2.14.0
Check: package dependencies
Result: NOTE
    Packages suggested but not available for checking:
     'FSelector', 'liquidSVM', 'RWeka', 'xgboost'
Flavor: r-patched-solaris-x86

Version: 2.14.0
Check: package dependencies
Result: NOTE
    Package suggested but not available for checking: ‘clusterSim’
Flavor: r-release-osx-x86_64

Version: 2.14.0
Check: whether package can be installed
Result: WARN
    Found the following significant warnings:
     Warning: S3 methods '[.fun_list', '[.grouped_df', 'all.equal.tbl_df', 'anti_join.data.frame', 'anti_join.tbl_df', 'arrange.data.frame', 'arrange.default', 'arrange.grouped_df', 'arrange.tbl_df', 'arrange_.data.frame', 'arrange_.tbl_df', 'as.data.frame.grouped_df', 'as.data.frame.rowwise_df', 'as.data.frame.tbl_cube', 'as.table.tbl_cube', 'as.tbl.data.frame', 'as.tbl.tbl', 'as.tbl_cube.array', 'as.tbl_cube.data.frame', 'as.tbl_cube.matrix', 'as.tbl_cube.table', 'as_tibble.grouped_df', 'as_tibble.tbl_cube', 'auto_copy.tbl_cube', 'auto_copy.tbl_df', 'cbind.grouped_df', 'collapse.data.frame', 'collect.data.frame', 'common_by.NULL', 'common_by.character', 'common_by.default', 'common_by.list', 'compute.data.frame', 'copy_to.DBIConnection', 'copy_to.src_local', 'default_missing.data.frame', 'default_missing.default', 'dim.tbl_cube', 'distinct.data.frame', 'distinct.default', 'distinct.grouped_df', 'distinct.tbl_df', 'distinct_.data.frame', 'distinct_.grouped_df', 'distinct_.tbl_df', 'do.NULL', 'do.da [... truncated]
Flavor: r-oldrel-windows-ix86+x86_64