Last updated on 2023-02-09 06:55:36 CET.
Flavor | Version | Tinstall | Tcheck | Ttotal | Status | Flags |
---|---|---|---|---|---|---|
r-devel-linux-x86_64-debian-clang | 2.19.1 | 42.51 | 300.51 | 343.02 | OK | |
r-devel-linux-x86_64-debian-gcc | 2.19.1 | 31.23 | 218.30 | 249.53 | OK | |
r-devel-linux-x86_64-fedora-clang | 2.19.1 | 434.82 | OK | |||
r-devel-linux-x86_64-fedora-gcc | 2.19.1 | 434.69 | OK | |||
r-devel-windows-x86_64 | 2.19.1 | 224.00 | 428.00 | 652.00 | OK | |
r-patched-linux-x86_64 | 2.19.1 | 48.13 | 258.15 | 306.28 | OK | |
r-release-linux-x86_64 | 2.19.1 | 36.84 | 265.91 | 302.75 | OK | |
r-release-macos-arm64 | 2.19.1 | 110.00 | NOTE | |||
r-release-macos-x86_64 | 2.19.1 | 136.00 | NOTE | |||
r-release-windows-x86_64 | 2.19.1 | 465.00 | 372.00 | 837.00 | OK | |
r-oldrel-macos-arm64 | 2.19.1 | 99.00 | NOTE | |||
r-oldrel-macos-x86_64 | 2.19.1 | 141.00 | NOTE | |||
r-oldrel-windows-ix86+x86_64 | 2.19.1 | 77.00 | 414.00 | 491.00 | OK |
Version: 2.19.1
Check: package dependencies
Result: NOTE
Package suggested but not available for checking: ‘Rmpi’
Flavors: r-release-macos-arm64, r-release-macos-x86_64, r-oldrel-macos-arm64, r-oldrel-macos-x86_64
Version: 2.19.1
Check: installed package size
Result: NOTE
installed size is 5.6Mb
sub-directories of 1Mb or more:
R 2.1Mb
data 2.3Mb
Flavors: r-release-macos-arm64, r-oldrel-macos-arm64