CRAN Package Check Results for Package mlr

Last updated on 2019-11-22 21:47:22 CET.

Flavor Version Tinstall Tcheck Ttotal Status Flags
r-devel-linux-x86_64-debian-clang 2.15.0 NOTE
r-devel-linux-x86_64-debian-gcc 2.15.0 34.27 185.93 220.20 NOTE
r-devel-linux-x86_64-fedora-clang 2.15.0 328.48 NOTE
r-devel-linux-x86_64-fedora-gcc 2.15.0 257.83 NOTE
r-devel-windows-ix86+x86_64 2.15.0 88.00 372.00 460.00 NOTE
r-devel-windows-ix86+x86_64-gcc8 2.15.0 62.00 334.00 396.00 NOTE
r-patched-linux-x86_64 2.15.0 31.32 220.13 251.45 NOTE
r-patched-solaris-x86 2.15.0 398.30 NOTE
r-release-linux-x86_64 2.15.0 32.94 227.84 260.78 NOTE
r-release-windows-ix86+x86_64 2.15.0 74.00 467.00 541.00 NOTE
r-release-osx-x86_64 2.15.0 NOTE
r-oldrel-windows-ix86+x86_64 2.15.0 45.00 266.00 311.00 NOTE
r-oldrel-osx-x86_64 2.15.0 NOTE

Check Details

Version: 2.15.0
Check: dependencies in R code
Result: NOTE
    Missing or unexported object: 'fda.usc::predict.classif'
Flavors: r-devel-linux-x86_64-debian-clang, r-devel-linux-x86_64-debian-gcc, r-devel-linux-x86_64-fedora-clang, r-devel-linux-x86_64-fedora-gcc, r-devel-windows-ix86+x86_64, r-devel-windows-ix86+x86_64-gcc8, r-patched-linux-x86_64, r-patched-solaris-x86, r-release-linux-x86_64, r-release-windows-ix86+x86_64, r-oldrel-windows-ix86+x86_64

Version: 2.15.0
Check: installed package size
Result: NOTE
     installed size is 5.5Mb
     sub-directories of 1Mb or more:
     R 1.4Mb
     data 2.3Mb
     help 1.4Mb
Flavors: r-devel-linux-x86_64-fedora-clang, r-devel-windows-ix86+x86_64, r-devel-windows-ix86+x86_64-gcc8, r-patched-solaris-x86, r-release-windows-ix86+x86_64, r-release-osx-x86_64, r-oldrel-windows-ix86+x86_64, r-oldrel-osx-x86_64

Version: 2.15.0
Check: package dependencies
Result: NOTE
    Packages suggested but not available for checking: 'FSelector', 'RWeka'
Flavor: r-patched-solaris-x86

Version: 2.15.0
Check: dependencies in R code
Result: NOTE
    No protocol specified
Flavors: r-release-osx-x86_64, r-oldrel-osx-x86_64