CRAN Package Check Results for Package mlr

Last updated on 2020-05-26 08:49:24 CEST.

Flavor Version Tinstall Tcheck Ttotal Status Flags
r-devel-linux-x86_64-debian-clang 2.17.1 38.16 247.02 285.18 OK
r-devel-linux-x86_64-debian-gcc 2.17.1 33.59 195.34 228.93 OK
r-devel-linux-x86_64-fedora-clang 2.17.1 362.92 NOTE
r-devel-linux-x86_64-fedora-gcc 2.17.1 356.33 OK
r-devel-windows-ix86+x86_64 2.17.1 85.00 336.00 421.00 OK
r-patched-linux-x86_64 2.17.1 39.12 242.87 281.99 OK
r-patched-solaris-x86 2.17.1 450.50 NOTE
r-release-linux-x86_64 2.17.1 39.31 248.70 288.01 OK
r-release-osx-x86_64 2.17.1 NOTE
r-release-windows-ix86+x86_64 2.17.1 66.00 460.00 526.00 OK
r-oldrel-osx-x86_64 2.17.1 NOTE
r-oldrel-windows-ix86+x86_64 2.17.1 59.00 365.00 424.00 NOTE

Check Details

Version: 2.17.1
Check: installed package size
Result: NOTE
     installed size is 5.0Mb
     sub-directories of 1Mb or more:
     R 1.5Mb
     data 2.3Mb
Flavors: r-devel-linux-x86_64-fedora-clang, r-patched-solaris-x86, r-release-osx-x86_64, r-oldrel-osx-x86_64, r-oldrel-windows-ix86+x86_64

Version: 2.17.1
Check: package dependencies
Result: NOTE
    Packages suggested but not available for checking: 'FSelector', 'RWeka'
Flavor: r-patched-solaris-x86