Last updated on 2021-01-16 03:49:50 CET.
Flavor | Version | Tinstall | Tcheck | Ttotal | Status | Flags |
---|---|---|---|---|---|---|
r-devel-linux-x86_64-debian-clang | 2.18.0 | 38.65 | 263.58 | 302.23 | NOTE | |
r-devel-linux-x86_64-debian-gcc | 2.18.0 | 33.33 | 195.18 | 228.51 | NOTE | |
r-devel-linux-x86_64-fedora-clang | 2.18.0 | 365.36 | NOTE | |||
r-devel-linux-x86_64-fedora-gcc | 2.18.0 | 355.42 | NOTE | |||
r-devel-windows-ix86+x86_64 | 2.18.0 | 48.00 | 342.00 | 390.00 | OK | |
r-patched-linux-x86_64 | 2.18.0 | 33.61 | 241.95 | 275.56 | NOTE | |
r-patched-solaris-x86 | 2.18.0 | 453.90 | NOTE | |||
r-release-linux-x86_64 | 2.18.0 | 33.10 | 242.05 | 275.15 | NOTE | |
r-release-macos-x86_64 | 2.18.0 | NOTE | ||||
r-release-windows-ix86+x86_64 | 2.18.0 | 53.00 | 344.00 | 397.00 | OK | |
r-oldrel-macos-x86_64 | 2.18.0 | NOTE | ||||
r-oldrel-windows-ix86+x86_64 | 2.18.0 | 44.00 | 287.00 | 331.00 | OK |
Version: 2.18.0
Check: package dependencies
Result: NOTE
Package suggested but not available for checking: 'CoxBoost'
Flavors: r-devel-linux-x86_64-debian-clang, r-devel-linux-x86_64-debian-gcc, r-devel-linux-x86_64-fedora-clang, r-devel-linux-x86_64-fedora-gcc, r-patched-linux-x86_64, r-release-linux-x86_64
Version: 2.18.0
Check: installed package size
Result: NOTE
installed size is 5.0Mb
sub-directories of 1Mb or more:
R 1.5Mb
data 2.3Mb
Flavors: r-devel-linux-x86_64-fedora-clang, r-patched-solaris-x86, r-release-macos-x86_64, r-oldrel-macos-x86_64
Version: 2.18.0
Check: package dependencies
Result: NOTE
Packages suggested but not available for checking:
'CoxBoost', 'FSelector', 'RWeka', 'xgboost'
Flavor: r-patched-solaris-x86