CRAN Package Check Results for Package mlr3

Last updated on 2021-05-06 14:48:49 CEST.

Flavor Version Tinstall Tcheck Ttotal Status Flags
r-devel-linux-x86_64-debian-clang 0.11.0 29.22 294.09 323.31 NOTE
r-devel-linux-x86_64-debian-gcc 0.11.0 25.04 210.54 235.58 NOTE
r-devel-linux-x86_64-fedora-clang 0.11.0 398.36 NOTE
r-devel-linux-x86_64-fedora-gcc 0.11.0 377.20 NOTE
r-devel-windows-ix86+x86_64 0.11.0 35.00 346.00 381.00 NOTE
r-devel-windows-x86_64-gcc10-UCRT 0.11.0 NOTE
r-patched-linux-x86_64 0.11.0 42.29 273.83 316.12 NOTE
r-patched-solaris-x86 0.11.0 430.30 OK
r-release-linux-x86_64 0.11.0 32.53 270.26 302.79 OK
r-release-macos-x86_64 0.11.0 OK
r-release-windows-ix86+x86_64 0.11.0 34.00 235.00 269.00 OK
r-oldrel-macos-x86_64 0.11.0 OK
r-oldrel-windows-ix86+x86_64 0.11.0 43.00 312.00 355.00 OK

Check Details

Version: 0.11.0
Check: LazyData
Result: NOTE
     'LazyData' is specified without a 'data' directory
Flavors: r-devel-linux-x86_64-debian-clang, r-devel-linux-x86_64-debian-gcc, r-devel-linux-x86_64-fedora-clang, r-devel-linux-x86_64-fedora-gcc, r-devel-windows-ix86+x86_64, r-devel-windows-x86_64-gcc10-UCRT, r-patched-linux-x86_64