CRAN Package Check Results for Package mlr3cluster

Last updated on 2021-03-05 08:48:27 CET.

Flavor Version Tinstall Tcheck Ttotal Status Flags
r-devel-linux-x86_64-debian-clang 0.1.1 18.99 70.42 89.41 OK
r-devel-linux-x86_64-debian-gcc 0.1.1 15.54 53.78 69.32 OK
r-devel-linux-x86_64-fedora-clang 0.1.1 116.18 OK
r-devel-linux-x86_64-fedora-gcc 0.1.1 105.40 OK
r-devel-windows-ix86+x86_64 0.1.1 31.00 108.00 139.00 OK
r-patched-linux-x86_64 0.1.1 OK
r-patched-solaris-x86 0.1.1 152.70 NOTE
r-release-linux-x86_64 0.1.1 17.29 67.87 85.16 OK
r-release-macos-x86_64 0.1.1 OK
r-release-windows-ix86+x86_64 0.1.1 23.00 68.00 91.00 OK
r-oldrel-macos-x86_64 0.1.1 OK
r-oldrel-windows-ix86+x86_64 0.1.1 27.00 89.00 116.00 OK

Check Details

Version: 0.1.1
Check: package dependencies
Result: NOTE
    Package suggested but not available for checking: ‘RWeka’
Flavor: r-patched-solaris-x86