CRAN Package Check Results for Package mlr3cluster

Last updated on 2021-05-08 00:47:11 CEST.

Flavor Version Tinstall Tcheck Ttotal Status Flags
r-devel-linux-x86_64-debian-clang 0.1.1 23.97 70.91 94.88 OK
r-devel-linux-x86_64-debian-gcc 0.1.1 14.84 54.63 69.47 OK
r-devel-linux-x86_64-fedora-clang 0.1.1 125.87 OK
r-devel-linux-x86_64-fedora-gcc 0.1.1 115.85 OK
r-devel-windows-ix86+x86_64 0.1.1 24.00 97.00 121.00 OK
r-devel-windows-x86_64-gcc10-UCRT 0.1.1 OK
r-patched-linux-x86_64 0.1.1 23.05 67.23 90.28 OK
r-patched-solaris-x86 0.1.1 153.00 NOTE
r-release-linux-x86_64 0.1.1 16.73 68.89 85.62 OK
r-release-macos-x86_64 0.1.1 OK
r-release-windows-ix86+x86_64 0.1.1 25.00 73.00 98.00 OK
r-oldrel-macos-x86_64 0.1.1 OK
r-oldrel-windows-ix86+x86_64 0.1.1 29.00 86.00 115.00 OK

Check Details

Version: 0.1.1
Check: package dependencies
Result: NOTE
    Package suggested but not available for checking: ‘RWeka’
Flavor: r-patched-solaris-x86