CRAN Package Check Results for Package mlr3cluster

Last updated on 2020-11-27 10:52:14 CET.

Flavor Version Tinstall Tcheck Ttotal Status Flags
r-devel-linux-x86_64-debian-clang 0.1.1 24.19 67.96 92.15 OK
r-devel-linux-x86_64-debian-gcc 0.1.1 16.13 55.56 71.69 OK
r-devel-linux-x86_64-fedora-clang 0.1.1 114.62 OK
r-devel-linux-x86_64-fedora-gcc 0.1.1 103.05 OK
r-devel-windows-ix86+x86_64 0.1.1 30.00 86.00 116.00 OK
r-patched-linux-x86_64 0.1.1 16.58 65.87 82.45 OK
r-patched-solaris-x86 0.1.1 146.00 NOTE
r-release-linux-x86_64 0.1.1 16.33 64.90 81.23 OK
r-release-macos-x86_64 0.1.1 OK
r-release-windows-ix86+x86_64 0.1.1 34.00 90.00 124.00 OK
r-oldrel-macos-x86_64 0.1.1 OK
r-oldrel-windows-ix86+x86_64 0.1.1 28.00 74.00 102.00 OK

Check Details

Version: 0.1.1
Check: package dependencies
Result: NOTE
    Package suggested but not available for checking: ‘RWeka’
Flavor: r-patched-solaris-x86