CRAN Package Check Results for Package mlr3cluster

Last updated on 2021-09-21 13:52:29 CEST.

Flavor Version Tinstall Tcheck Ttotal Status Flags
r-devel-linux-x86_64-debian-clang 0.1.2 17.45 75.68 93.13 OK
r-devel-linux-x86_64-debian-gcc 0.1.2 14.76 59.04 73.80 OK
r-devel-linux-x86_64-fedora-clang 0.1.2 124.25 OK
r-devel-linux-x86_64-fedora-gcc 0.1.2 114.36 OK
r-devel-windows-x86_64 0.1.2 21.00 68.00 89.00 OK
r-devel-windows-x86_64-gcc10-UCRT 0.1.2 ERROR
r-patched-linux-x86_64 0.1.2 21.64 72.80 94.44 OK
r-patched-solaris-x86 0.1.2 159.60 NOTE
r-release-linux-x86_64 0.1.2 18.24 72.28 90.52 OK
r-release-macos-arm64 0.1.2 OK
r-release-macos-x86_64 0.1.2 OK
r-release-windows-ix86+x86_64 0.1.2 33.00 71.00 104.00 OK
r-oldrel-macos-x86_64 0.1.2 OK
r-oldrel-windows-ix86+x86_64 0.1.2 33.00 76.00 109.00 OK

Check Details

Version: 0.1.2
Check: whether package can be installed
Result: WARN
    Found the following significant warnings:
     WARNING: installation-time patches will not be applied, could not get the patches index
Flavor: r-devel-windows-x86_64-gcc10-UCRT

Version: 0.1.2
Check: PDF version of manual
Result: WARN
    LaTeX errors when creating PDF version.
    This typically indicates Rd problems.
Flavor: r-devel-windows-x86_64-gcc10-UCRT

Version: 0.1.2
Check: PDF version of manual without hyperrefs or index
Result: ERROR
    Re-running with no redirection of stdout/stderr.
Flavor: r-devel-windows-x86_64-gcc10-UCRT

Version: 0.1.2
Check: package dependencies
Result: NOTE
    Package suggested but not available for checking: ‘RWeka’
Flavor: r-patched-solaris-x86