CRAN Package Check Results for Package mlr3data

Last updated on 2022-05-23 15:53:40 CEST.

Flavor Version Tinstall Tcheck Ttotal Status Flags
r-devel-linux-x86_64-debian-clang 0.6.0 3.09 34.77 37.86 OK
r-devel-linux-x86_64-debian-gcc 0.6.0 2.45 26.89 29.34 OK
r-devel-linux-x86_64-fedora-clang 0.6.0 45.34 NOTE
r-devel-linux-x86_64-fedora-gcc 0.6.0 34.39 OK
r-devel-windows-x86_64 0.6.0 25.00 52.00 77.00 OK
r-patched-linux-x86_64 0.6.0 2.61 32.77 35.38 OK
r-release-linux-x86_64 0.6.0 OK
r-release-macos-arm64 0.6.0 16.00 OK
r-release-macos-x86_64 0.6.0 24.00 OK
r-release-windows-x86_64 0.6.0 21.00 52.00 73.00 OK
r-oldrel-macos-arm64 0.6.0 19.00 OK
r-oldrel-macos-x86_64 0.6.0 22.00 OK
r-oldrel-windows-ix86+x86_64 0.6.0 6.00 42.00 48.00 OK

Check Details

Version: 0.6.0
Check: Rd cross-references
Result: NOTE
    Undeclared package ‘palmerpenguins’ in Rd xrefs
Flavor: r-devel-linux-x86_64-fedora-clang