CRAN Package Check Results for Package mlr3learners

Last updated on 2020-12-03 05:48:17 CET.

Flavor Version Tinstall Tcheck Ttotal Status Flags
r-devel-linux-x86_64-debian-clang 0.4.2 11.53 217.50 229.03 OK
r-devel-linux-x86_64-debian-gcc 0.4.2 7.73 191.48 199.21 OK
r-devel-linux-x86_64-fedora-clang 0.4.2 243.28 OK
r-devel-linux-x86_64-fedora-gcc 0.4.2 235.91 OK
r-devel-windows-ix86+x86_64 0.4.2 19.00 146.00 165.00 OK
r-patched-linux-x86_64 0.4.2 10.17 199.44 209.61 OK
r-patched-solaris-x86 0.4.2 251.00 OK
r-release-linux-x86_64 0.4.2 10.63 200.20 210.83 OK
r-release-macos-x86_64 0.4.2 OK
r-release-windows-ix86+x86_64 0.4.2 14.00 156.00 170.00 ERROR
r-oldrel-macos-x86_64 0.4.2 OK
r-oldrel-windows-ix86+x86_64 0.4.2 14.00 208.00 222.00 OK

Check Details

Version: 0.4.2
Check: tests
Result: ERROR
     Running 'testthat.R' [89s]
    Running the tests in 'tests/testthat.R' failed.
    Complete output:
     > if (requireNamespace("testthat", quietly = TRUE)) {
     + library(testthat)
     + library(mlr3learners)
     + test_check("mlr3learners")
     + }
     -- FAILURE (test_surv_ranger.R:8:3): autotest ----------------------------------
     `result` is not TRUE
    
     `actual` is a list
     `expected` is a logical vector (TRUE)
     [score()] learner 'surv.ranger:distr' on task 'sanity' failed: sanity check failed
    
     -- Skip (test_surv_xgboost.R:4:3): autotest ------------------------------------
     Reason: On CRAN
    
     -- Skipped tests --------------------------------------------------------------
     * On CRAN (1)
    
     == testthat results ===========================================================
     FAILURE (test_surv_ranger.R:8:3): autotest
    
     [ FAIL 1 | WARN 0 | SKIP 1 | PASS 356 ]
     Error: Test failures
     Execution halted
Flavor: r-release-windows-ix86+x86_64