CRAN Package Check Results for Package mlr3measures

Last updated on 2020-09-28 23:49:19 CEST.

Flavor Version Tinstall Tcheck Ttotal Status Flags
r-devel-linux-x86_64-debian-clang 0.2.0 3.41 58.70 62.11 OK
r-devel-linux-x86_64-debian-gcc 0.2.0 2.60 43.23 45.83 OK
r-devel-linux-x86_64-fedora-clang 0.2.0 81.22 NOTE
r-devel-linux-x86_64-fedora-gcc 0.2.0 70.04 OK
r-devel-windows-ix86+x86_64 0.2.0 7.00 82.00 89.00 OK
r-patched-linux-x86_64 0.2.0 3.35 53.30 56.65 OK
r-patched-solaris-x86 0.2.0 112.10 OK
r-release-linux-x86_64 0.2.0 3.50 54.26 57.76 OK
r-release-macos-x86_64 0.2.0 OK
r-release-windows-ix86+x86_64 0.2.0 16.00 77.00 93.00 OK
r-oldrel-macos-x86_64 0.2.0 OK
r-oldrel-windows-ix86+x86_64 0.2.0 6.00 83.00 89.00 OK

Check Details

Version: 0.2.0
Check: package dependencies
Result: NOTE
    Suggests orphaned package: ‘bibtex’
Flavor: r-devel-linux-x86_64-fedora-clang