CRAN Package Check Results for Package mlr3tuning

Last updated on 2020-09-28 21:48:56 CEST.

Flavor Version Tinstall Tcheck Ttotal Status Flags
r-devel-linux-x86_64-debian-clang 0.3.0 6.18 143.28 149.46 OK
r-devel-linux-x86_64-debian-gcc 0.3.0 6.46 103.65 110.11 OK
r-devel-linux-x86_64-fedora-clang 0.3.0 170.21 NOTE
r-devel-linux-x86_64-fedora-gcc 0.3.0 164.88 OK
r-devel-windows-ix86+x86_64 0.3.0 13.00 168.00 181.00 OK
r-patched-linux-x86_64 0.3.0 7.88 100.10 107.98 OK
r-patched-solaris-x86 0.3.0 173.20 OK
r-release-linux-x86_64 0.3.0 8.42 100.14 108.56 OK
r-release-macos-x86_64 0.3.0 OK
r-release-windows-ix86+x86_64 0.3.0 15.00 121.00 136.00 OK
r-oldrel-macos-x86_64 0.3.0 OK
r-oldrel-windows-ix86+x86_64 0.3.0 12.00 121.00 133.00 OK

Check Details

Version: 0.3.0
Check: package dependencies
Result: NOTE
    Suggests orphaned package: ‘bibtex’
Flavor: r-devel-linux-x86_64-fedora-clang