CRAN Package Check Results for Package mlr3verse

Last updated on 2021-04-20 11:48:50 CEST.

Flavor Version Tinstall Tcheck Ttotal Status Flags
r-devel-linux-x86_64-debian-clang 0.2.1 16.22 141.12 157.34 NOTE
r-devel-linux-x86_64-debian-gcc 0.2.1 10.90 100.14 111.04 NOTE
r-devel-linux-x86_64-fedora-clang 0.2.1 188.63 NOTE
r-devel-linux-x86_64-fedora-gcc 0.2.1 166.46 NOTE
r-devel-windows-ix86+x86_64 0.2.1 25.00 105.00 130.00 NOTE
r-devel-windows-x86_64-gcc10-UCRT 0.2.1 NOTE
r-patched-linux-x86_64 0.2.1 17.75 117.16 134.91 OK
r-patched-solaris-x86 0.2.1 242.30 OK
r-release-linux-x86_64 0.2.1 12.31 117.80 130.11 OK
r-release-macos-x86_64 0.2.1 OK
r-release-windows-ix86+x86_64 0.2.1 34.00 149.00 183.00 OK
r-oldrel-macos-x86_64 0.2.1 OK
r-oldrel-windows-ix86+x86_64 0.2.1 22.00 126.00 148.00 OK

Check Details

Version: 0.2.1
Check: LazyData
Result: NOTE
     'LazyData' is specified without a 'data' directory
Flavors: r-devel-linux-x86_64-debian-clang, r-devel-linux-x86_64-debian-gcc, r-devel-linux-x86_64-fedora-clang, r-devel-linux-x86_64-fedora-gcc, r-devel-windows-ix86+x86_64, r-devel-windows-x86_64-gcc10-UCRT