CRAN Package Check Results for Package mlr3verse

Last updated on 2020-11-30 11:47:33 CET.

Flavor Version Tinstall Tcheck Ttotal Status Flags
r-devel-linux-x86_64-debian-clang 0.1.3 6.75 57.66 64.41 NOTE
r-devel-linux-x86_64-debian-gcc 0.1.3 6.05 44.74 50.79 NOTE
r-devel-linux-x86_64-fedora-clang 0.1.3 80.73 NOTE
r-devel-linux-x86_64-fedora-gcc 0.1.3 68.97 NOTE
r-devel-windows-ix86+x86_64 0.1.3 14.00 66.00 80.00 NOTE
r-patched-linux-x86_64 0.1.3 5.51 56.92 62.43 NOTE
r-patched-solaris-x86 0.1.3 107.70 NOTE
r-release-linux-x86_64 0.1.3 6.58 57.64 64.22 NOTE
r-release-macos-x86_64 0.1.3 NOTE
r-release-windows-ix86+x86_64 0.1.3 13.00 58.00 71.00 NOTE
r-oldrel-macos-x86_64 0.1.3 NOTE
r-oldrel-windows-ix86+x86_64 0.1.3 9.00 58.00 67.00 NOTE

Check Details

Version: 0.1.3
Check: package dependencies
Result: NOTE
    Depends: includes the non-default packages:
     'mlr3', 'mlr3filters', 'mlr3learners', 'mlr3pipelines', 'mlr3tuning',
     'mlr3viz', 'paradox'
    Adding so many packages to the search path is excessive and importing
    selectively is preferable.
Flavors: r-devel-linux-x86_64-debian-clang, r-devel-linux-x86_64-debian-gcc, r-devel-linux-x86_64-fedora-clang, r-devel-linux-x86_64-fedora-gcc, r-devel-windows-ix86+x86_64, r-patched-linux-x86_64, r-patched-solaris-x86, r-release-linux-x86_64, r-release-macos-x86_64, r-release-windows-ix86+x86_64, r-oldrel-macos-x86_64, r-oldrel-windows-ix86+x86_64