Last updated on 2021-01-20 23:49:46 CET.
Flavor | Version | Tinstall | Tcheck | Ttotal | Status | Flags |
---|---|---|---|---|---|---|
r-devel-linux-x86_64-debian-clang | 0.1.3 | 5.86 | 61.95 | 67.81 | NOTE | |
r-devel-linux-x86_64-debian-gcc | 0.1.3 | 4.48 | 46.65 | 51.13 | NOTE | |
r-devel-linux-x86_64-fedora-clang | 0.1.3 | 87.38 | NOTE | |||
r-devel-linux-x86_64-fedora-gcc | 0.1.3 | 78.16 | NOTE | |||
r-devel-windows-ix86+x86_64 | 0.1.3 | 11.00 | 60.00 | 71.00 | NOTE | |
r-patched-linux-x86_64 | 0.1.3 | 5.04 | 55.59 | 60.63 | NOTE | |
r-patched-solaris-x86 | 0.1.3 | 111.10 | NOTE | |||
r-release-linux-x86_64 | 0.1.3 | 5.35 | 55.91 | 61.26 | NOTE | |
r-release-macos-x86_64 | 0.1.3 | NOTE | ||||
r-release-windows-ix86+x86_64 | 0.1.3 | 17.00 | 78.00 | 95.00 | NOTE | |
r-oldrel-macos-x86_64 | 0.1.3 | NOTE | ||||
r-oldrel-windows-ix86+x86_64 | 0.1.3 | 9.00 | 54.00 | 63.00 | NOTE |
Version: 0.1.3
Check: package dependencies
Result: NOTE
Depends: includes the non-default packages:
'mlr3', 'mlr3filters', 'mlr3learners', 'mlr3pipelines', 'mlr3tuning',
'mlr3viz', 'paradox'
Adding so many packages to the search path is excessive and importing
selectively is preferable.
Flavors: r-devel-linux-x86_64-debian-clang, r-devel-linux-x86_64-debian-gcc, r-devel-linux-x86_64-fedora-clang, r-devel-linux-x86_64-fedora-gcc, r-devel-windows-ix86+x86_64, r-patched-linux-x86_64, r-patched-solaris-x86, r-release-linux-x86_64, r-release-macos-x86_64, r-release-windows-ix86+x86_64, r-oldrel-macos-x86_64, r-oldrel-windows-ix86+x86_64