CRAN Package Check Results for Package mlr3verse

Last updated on 2020-09-28 23:49:19 CEST.

Flavor Version Tinstall Tcheck Ttotal Status Flags
r-devel-linux-x86_64-debian-clang 0.1.3 5.49 54.80 60.29 NOTE
r-devel-linux-x86_64-debian-gcc 0.1.3 4.79 41.79 46.58 NOTE
r-devel-linux-x86_64-fedora-clang 0.1.3 81.88 NOTE
r-devel-linux-x86_64-fedora-gcc 0.1.3 71.61 NOTE
r-devel-windows-ix86+x86_64 0.1.3 12.00 75.00 87.00 NOTE
r-patched-linux-x86_64 0.1.3 5.82 49.27 55.09 NOTE
r-patched-solaris-x86 0.1.3 103.10 NOTE
r-release-linux-x86_64 0.1.3 4.02 50.08 54.10 NOTE
r-release-macos-x86_64 0.1.3 NOTE
r-release-windows-ix86+x86_64 0.1.3 15.00 74.00 89.00 NOTE
r-oldrel-macos-x86_64 0.1.3 NOTE
r-oldrel-windows-ix86+x86_64 0.1.3 11.00 74.00 85.00 NOTE

Check Details

Version: 0.1.3
Check: package dependencies
Result: NOTE
    Depends: includes the non-default packages:
     'mlr3', 'mlr3filters', 'mlr3learners', 'mlr3pipelines', 'mlr3tuning',
     'mlr3viz', 'paradox'
    Adding so many packages to the search path is excessive and importing
    selectively is preferable.
Flavors: r-devel-linux-x86_64-debian-clang, r-devel-linux-x86_64-debian-gcc, r-devel-linux-x86_64-fedora-clang, r-devel-linux-x86_64-fedora-gcc, r-devel-windows-ix86+x86_64, r-patched-linux-x86_64, r-patched-solaris-x86, r-release-linux-x86_64, r-release-macos-x86_64, r-release-windows-ix86+x86_64, r-oldrel-macos-x86_64, r-oldrel-windows-ix86+x86_64