CRAN Package Check Results for Package mlr3verse

Last updated on 2020-07-16 15:49:46 CEST.

Flavor Version Tinstall Tcheck Ttotal Status Flags
r-devel-linux-x86_64-debian-clang 0.1.3 5.96 53.16 59.12 NOTE
r-devel-linux-x86_64-debian-gcc 0.1.3 4.20 43.79 47.99 NOTE
r-devel-linux-x86_64-fedora-clang 0.1.3 79.57 NOTE
r-devel-linux-x86_64-fedora-gcc 0.1.3 77.94 NOTE
r-devel-windows-ix86+x86_64 0.1.3 21.00 83.00 104.00 NOTE
r-patched-linux-x86_64 0.1.3 5.91 50.68 56.59 NOTE
r-patched-solaris-x86 0.1.3 113.80 NOTE
r-release-linux-x86_64 0.1.3 5.43 51.83 57.26 NOTE
r-release-windows-ix86+x86_64 0.1.3 31.00 87.00 118.00 NOTE
r-oldrel-macos-x86_64 0.1.3 NOTE
r-oldrel-windows-ix86+x86_64 0.1.3 22.00 86.00 108.00 NOTE

Check Details

Version: 0.1.3
Check: package dependencies
Result: NOTE
    Depends: includes the non-default packages:
     'mlr3', 'mlr3filters', 'mlr3learners', 'mlr3pipelines', 'mlr3tuning',
     'mlr3viz', 'paradox'
    Adding so many packages to the search path is excessive and importing
    selectively is preferable.
Flavors: r-devel-linux-x86_64-debian-clang, r-devel-linux-x86_64-debian-gcc, r-devel-linux-x86_64-fedora-clang, r-devel-linux-x86_64-fedora-gcc, r-devel-windows-ix86+x86_64, r-patched-linux-x86_64, r-patched-solaris-x86, r-release-linux-x86_64, r-release-windows-ix86+x86_64, r-oldrel-macos-x86_64, r-oldrel-windows-ix86+x86_64