CRAN Package Check Results for Package mlsbm

Last updated on 2021-04-17 15:48:20 CEST.

Flavor Version Tinstall Tcheck Ttotal Status Flags
r-devel-linux-x86_64-debian-clang 0.99.2 73.07 34.47 107.54 OK
r-devel-linux-x86_64-debian-gcc 0.99.2 46.16 27.03 73.19 OK
r-devel-linux-x86_64-fedora-clang 0.99.2 164.45 OK
r-devel-linux-x86_64-fedora-gcc 0.99.2 131.57 OK
r-devel-windows-ix86+x86_64 0.99.2 171.00 5.00 176.00 ERROR
r-devel-windows-x86_64-gcc10-UCRT 0.99.2 OK
r-patched-linux-x86_64 0.99.2 59.84 32.85 92.69 OK
r-patched-solaris-x86 0.99.2 129.80 OK
r-release-linux-x86_64 0.99.2 52.63 32.82 85.45 OK
r-release-macos-x86_64 0.99.2 OK
r-release-windows-ix86+x86_64 0.99.2 145.00 87.00 232.00 OK
r-oldrel-macos-x86_64 0.99.2 OK
r-oldrel-windows-ix86+x86_64 0.99.2 110.00 72.00 182.00 OK

Check Details

Version: 0.99.2
Check: whether package can be installed
Result: ERROR
    Installation failed.
Flavor: r-devel-windows-ix86+x86_64