CRAN Package Check Results for Package mmap

Last updated on 2019-08-18 04:46:16 CEST.

Flavor Version Tinstall Tcheck Ttotal Status Flags
r-devel-linux-x86_64-debian-clang 0.6-17 8.00 30.88 38.88 NOTE
r-devel-linux-x86_64-debian-gcc 0.6-17 5.90 24.76 30.66 NOTE
r-devel-linux-x86_64-fedora-clang 0.6-17 49.57 NOTE
r-devel-linux-x86_64-fedora-gcc 0.6-17 47.21 NOTE
r-devel-windows-ix86+x86_64 0.6-17 21.00 67.00 88.00 NOTE
r-patched-linux-x86_64 0.6-17 6.94 30.59 37.53 NOTE
r-patched-solaris-x86 0.6-17 71.00 NOTE
r-release-linux-x86_64 0.6-17 7.06 30.78 37.84 NOTE
r-release-windows-ix86+x86_64 0.6-17 19.00 75.00 94.00 NOTE
r-release-osx-x86_64 0.6-17 NOTE
r-oldrel-windows-ix86+x86_64 0.6-17 12.00 45.00 57.00 OK
r-oldrel-osx-x86_64 0.6-17 OK

Check Details

Version: 0.6-17
Check: top-level files
Result: NOTE
    Found a 'configure.in' file: 'configure.ac' has long been preferred.
     Output from running autoreconf:
     aclocal: warning: autoconf input should be named 'configure.ac', not 'configure.in'
Flavors: r-devel-linux-x86_64-debian-clang, r-devel-linux-x86_64-debian-gcc, r-devel-linux-x86_64-fedora-clang, r-devel-linux-x86_64-fedora-gcc, r-patched-linux-x86_64, r-release-linux-x86_64

Version: 0.6-17
Check: top-level files
Result: NOTE
    Found a 'configure.in' file: 'configure.ac' has long been preferred.
Flavors: r-devel-windows-ix86+x86_64, r-patched-solaris-x86, r-release-windows-ix86+x86_64, r-release-osx-x86_64