CRAN Package Check Results for Package mmap

Last updated on 2019-04-20 10:47:47 CEST.

Flavor Version Tinstall Tcheck Ttotal Status Flags
r-devel-linux-x86_64-debian-clang 0.6-17 6.61 30.72 37.33 NOTE
r-devel-linux-x86_64-debian-gcc 0.6-17 6.06 27.56 33.62 NOTE
r-devel-linux-x86_64-fedora-clang 0.6-17 46.18 NOTE
r-devel-linux-x86_64-fedora-gcc 0.6-17 43.72 NOTE
r-devel-windows-ix86+x86_64 0.6-17 14.00 46.00 60.00 NOTE
r-patched-linux-x86_64 0.6-17 6.13 30.91 37.04 NOTE
r-patched-solaris-x86 0.6-17 90.60 NOTE
r-release-linux-x86_64 0.6-17 5.93 27.11 33.04 OK
r-release-windows-ix86+x86_64 0.6-17 12.00 45.00 57.00 OK
r-release-osx-x86_64 0.6-17 OK
r-oldrel-windows-ix86+x86_64 0.6-17 13.00 62.00 75.00 OK
r-oldrel-osx-x86_64 0.6-17 OK

Check Details

Version: 0.6-17
Check: top-level files
Result: NOTE
    Found a 'configure.in' file: 'configure.ac' has long been preferred.
     Output from running autoreconf:
     aclocal: warning: autoconf input should be named 'configure.ac', not 'configure.in'
Flavors: r-devel-linux-x86_64-debian-clang, r-devel-linux-x86_64-debian-gcc, r-devel-linux-x86_64-fedora-clang, r-devel-linux-x86_64-fedora-gcc, r-patched-linux-x86_64

Version: 0.6-17
Check: top-level files
Result: NOTE
    Found a 'configure.in' file: 'configure.ac' has long been preferred.
Flavors: r-devel-windows-ix86+x86_64, r-patched-solaris-x86