CRAN Package Check Results for Package mmb

Last updated on 2020-12-02 19:49:04 CET.

Flavor Version Tinstall Tcheck Ttotal Status Flags
r-devel-linux-x86_64-debian-clang 0.13.3 4.50 116.87 121.37 OK
r-devel-linux-x86_64-debian-gcc 0.13.3 3.38 84.12 87.50 OK
r-devel-linux-x86_64-fedora-clang 0.13.3 144.74 NOTE
r-devel-linux-x86_64-fedora-gcc 0.13.3 138.91 NOTE
r-devel-windows-ix86+x86_64 0.13.3 7.00 110.00 117.00 OK
r-patched-linux-x86_64 0.13.3 4.34 114.09 118.43 OK
r-patched-solaris-x86 0.13.3 194.80 NOTE
r-release-linux-x86_64 0.13.3 4.50 119.41 123.91 OK
r-release-macos-x86_64 0.13.3 NOTE
r-release-windows-ix86+x86_64 0.13.3 5.00 109.00 114.00 OK
r-oldrel-macos-x86_64 0.13.3 NOTE
r-oldrel-windows-ix86+x86_64 0.13.3 5.00 143.00 148.00 OK

Check Details

Version: 0.13.3
Check: dependencies in R code
Result: NOTE
    Namespaces in Imports field not imported from:
     ‘datasets’ ‘doParallel’ ‘parallel’
     All declared Imports should be used.
Flavors: r-devel-linux-x86_64-fedora-clang, r-devel-linux-x86_64-fedora-gcc, r-patched-solaris-x86, r-release-macos-x86_64, r-oldrel-macos-x86_64