CRAN Package Check Results for Package mmcif

Last updated on 2022-09-29 19:48:59 CEST.

Flavor Version Tinstall Tcheck Ttotal Status Flags
r-devel-linux-x86_64-debian-clang 0.1.1 358.72 87.84 446.56 OK
r-devel-linux-x86_64-debian-gcc 0.1.1 271.66 60.15 331.81 OK
r-devel-linux-x86_64-fedora-clang 0.1.1 651.01 OK
r-devel-linux-x86_64-fedora-gcc 0.1.1 572.95 OK
r-devel-windows-x86_64 0.1.1 277.00 140.00 417.00 OK
r-patched-linux-x86_64 0.1.1 235.27 77.69 312.96 OK
r-release-linux-x86_64 0.1.1 216.36 77.73 294.09 OK
r-release-macos-arm64 0.1.1 129.00 NOTE
r-release-macos-x86_64 0.1.1 165.00 NOTE
r-release-windows-x86_64 0.1.1 287.00 145.00 432.00 OK
r-oldrel-macos-arm64 0.1.1 133.00 NOTE
r-oldrel-macos-x86_64 0.1.1 218.00 NOTE
r-oldrel-windows-ix86+x86_64 0.1.1 838.00 191.00 1029.00 NOTE

Check Details

Version: 0.1.1
Check: installed package size
Result: NOTE
     installed size is 17.5Mb
     sub-directories of 1Mb or more:
     doc 1.3Mb
     libs 15.8Mb
Flavors: r-release-macos-arm64, r-release-macos-x86_64, r-oldrel-macos-arm64, r-oldrel-macos-x86_64, r-oldrel-windows-ix86+x86_64