CRAN Package Check Results for Package mmsample

Last updated on 2022-11-29 05:53:24 CET.

Flavor Version Tinstall Tcheck Ttotal Status Flags
r-devel-linux-x86_64-debian-clang 0.1 28.63 28.20 56.83 NOTE
r-devel-linux-x86_64-debian-gcc 0.1 22.01 22.19 44.20 NOTE
r-devel-linux-x86_64-fedora-clang 0.1 94.22 NOTE
r-devel-linux-x86_64-fedora-gcc 0.1 85.03 NOTE
r-devel-windows-x86_64 0.1 30.00 75.00 105.00 NOTE
r-patched-linux-x86_64 0.1 26.79 27.17 53.96 NOTE
r-release-linux-x86_64 0.1 23.40 27.39 50.79 NOTE
r-release-macos-arm64 0.1 20.00 NOTE
r-release-macos-x86_64 0.1 33.00 NOTE
r-release-windows-x86_64 0.1 29.00 78.00 107.00 NOTE
r-oldrel-macos-arm64 0.1 35.00 NOTE
r-oldrel-macos-x86_64 0.1 46.00 NOTE
r-oldrel-windows-ix86+x86_64 0.1 77.00 78.00 155.00 NOTE

Check Details

Version: 0.1
Check: LazyData
Result: NOTE
     'LazyData' is specified without a 'data' directory
Flavors: r-devel-linux-x86_64-debian-clang, r-devel-linux-x86_64-debian-gcc, r-devel-linux-x86_64-fedora-clang, r-devel-linux-x86_64-fedora-gcc, r-devel-windows-x86_64, r-patched-linux-x86_64, r-release-linux-x86_64, r-release-macos-arm64, r-release-macos-x86_64, r-release-windows-x86_64, r-oldrel-macos-arm64, r-oldrel-macos-x86_64, r-oldrel-windows-ix86+x86_64