CRAN Package Check Results for Package mnlogit

Last updated on 2020-04-10 04:48:48 CEST.

Flavor Version Tinstall Tcheck Ttotal Status Flags
r-devel-linux-x86_64-debian-clang 1.2.6 6.54 596.50 603.04 OK
r-devel-linux-x86_64-debian-gcc 1.2.6 3.91 474.49 478.40 OK
r-devel-linux-x86_64-fedora-clang 1.2.6 741.17 OK
r-devel-linux-x86_64-fedora-gcc 1.2.6 857.31 OK
r-devel-windows-ix86+x86_64 1.2.6 12.00 83.00 95.00 OK --no-vignettes
r-devel-windows-ix86+x86_64-gcc8 1.2.6 13.00 63.00 76.00 OK --no-vignettes
r-patched-linux-x86_64 1.2.6 5.27 606.36 611.63 OK
r-patched-osx-x86_64 1.2.6 OK
r-patched-solaris-x86 1.2.6 1967.80 WARN
r-release-linux-x86_64 1.2.6 4.24 617.95 622.19 OK
r-release-windows-ix86+x86_64 1.2.6 12.00 87.00 99.00 OK --no-vignettes
r-release-osx-x86_64 1.2.6 NOTE
r-oldrel-windows-ix86+x86_64 1.2.6 13.00 85.00 98.00 OK --no-vignettes
r-oldrel-osx-x86_64 1.2.6 FAIL

Check Details

Version: 1.2.6
Check: re-building of vignette outputs
Result: WARN
    Error(s) in re-building vignettes:
     ...
    --- re-building ‘mnlogit.Rnw’ using Sweave
    Package: mnlogit
    Version: 1.2.6
    Multinomial Logit Choice Models.
    Scientific Computing Group, Sentrana Inc.
    Loading required package: Formula
    Loading required package: zoo
    
    Attaching package: 'zoo'
    
    The following object is masked from 'package:mnlogit':
    
     index
    
    The following objects are masked from 'package:base':
    
     as.Date, as.Date.numeric
    
    Loading required package: lmtest
    
    Attaching package: 'mlogit'
    
    The following objects are masked from 'package:mnlogit':
    
     hmftest, scoretest
Flavor: r-patched-solaris-x86

Version: 1.2.6
Check: re-building of vignette outputs
Result: NOTE
    Error(s) in re-building vignettes:
    --- re-building ‘mnlogit.Rnw’ using Sweave
    Package: mnlogit
    Version: 1.2.6
    Multinomial Logit Choice Models.
    Scientific Computing Group, Sentrana Inc.
    Loading required package: Formula
    Loading required package: zoo
    
    Attaching package: 'zoo'
    
    The following object is masked from 'package:mnlogit':
    
     index
    
    The following objects are masked from 'package:base':
    
     as.Date, as.Date.numeric
    
    Loading required package: lmtest
    
    Attaching package: 'mlogit'
    
    The following objects are masked from 'package:mnlogit':
    
     hmftest, scoretest
Flavor: r-release-osx-x86_64

Version: 1.2.6
Check: re-building of vignette outputs
Result: FAIL
Flavor: r-oldrel-osx-x86_64