CRAN Package Check Results for Package mnorm

Last updated on 2024-03-02 02:48:44 CET.

Flavor Version Tinstall Tcheck Ttotal Status Flags
r-devel-linux-x86_64-debian-clang 1.2.2 196.29 32.43 228.72 OK
r-devel-linux-x86_64-debian-gcc 1.2.2 160.38 25.27 185.65 OK
r-devel-linux-x86_64-fedora-clang 1.2.2 330.99 OK
r-devel-linux-x86_64-fedora-gcc 1.2.2 354.59 OK
r-devel-windows-x86_64 1.2.2 141.00 81.00 222.00 OK
r-patched-linux-x86_64 1.2.2 198.89 32.48 231.37 OK
r-release-linux-x86_64 1.2.2 183.02 32.95 215.97 OK
r-release-macos-arm64 1.2.2 68.00 NOTE
r-release-macos-x86_64 1.2.2 102.00 NOTE
r-release-windows-x86_64 1.2.2 181.00 83.00 264.00 OK
r-oldrel-macos-arm64 1.2.2 66.00 NOTE
r-oldrel-windows-x86_64 1.2.2 177.00 83.00 260.00 OK

Check Details

Version: 1.2.2
Check: installed package size
Result: NOTE installed size is 10.6Mb sub-directories of 1Mb or more: libs 10.4Mb Flavors: r-release-macos-arm64, r-release-macos-x86_64, r-oldrel-macos-arm64