Last updated on 2022-06-29 04:55:59 CEST.
Flavor | Version | Tinstall | Tcheck | Ttotal | Status | Flags |
---|---|---|---|---|---|---|
r-devel-linux-x86_64-debian-clang | 1.0.1 | 136.07 | 28.53 | 164.60 | OK | |
r-devel-linux-x86_64-debian-gcc | 1.0.1 | 108.73 | 22.09 | 130.82 | OK | |
r-devel-linux-x86_64-fedora-clang | 1.0.1 | 260.93 | NOTE | |||
r-devel-linux-x86_64-fedora-gcc | 1.0.1 | 225.98 | OK | |||
r-devel-windows-x86_64 | 1.0.1 | 108.00 | 77.00 | 185.00 | OK | |
r-patched-linux-x86_64 | 1.0.1 | 108.39 | 27.65 | 136.04 | OK | |
r-release-linux-x86_64 | 1.0.1 | 114.26 | 28.55 | 142.81 | OK | |
r-release-macos-arm64 | 1.0.1 | 63.00 | NOTE | |||
r-release-macos-x86_64 | 1.0.1 | 74.00 | NOTE | |||
r-release-windows-x86_64 | 1.0.1 | 105.00 | 81.00 | 186.00 | OK | |
r-oldrel-macos-arm64 | 1.0.1 | 57.00 | NOTE | |||
r-oldrel-macos-x86_64 | 1.0.1 | 74.00 | NOTE | |||
r-oldrel-windows-ix86+x86_64 | 1.0.1 | 306.00 | 82.00 | 388.00 | OK |
Version: 1.0.1
Check: installed package size
Result: NOTE
installed size is 5.4Mb
sub-directories of 1Mb or more:
libs 5.3Mb
Flavors: r-devel-linux-x86_64-fedora-clang, r-release-macos-arm64, r-release-macos-x86_64, r-oldrel-macos-arm64, r-oldrel-macos-x86_64