CRAN Package Check Results for Package mnt

Last updated on 2021-10-25 17:51:45 CEST.

Flavor Version Tinstall Tcheck Ttotal Status Flags
r-devel-linux-x86_64-debian-clang 1.3 4.72 58.36 63.08 OK
r-devel-linux-x86_64-debian-gcc 1.3 3.57 41.41 44.98 OK
r-devel-linux-x86_64-fedora-clang 1.3 85.90 NOTE
r-devel-linux-x86_64-fedora-gcc 1.3 74.63 OK
r-devel-windows-x86_64 1.3 8.00 64.00 72.00 OK
r-devel-windows-x86_64-gcc10-UCRT 1.3 OK
r-patched-linux-x86_64 1.3 5.20 56.47 61.67 OK
r-patched-solaris-x86 1.3 98.40 OK
r-release-linux-x86_64 1.3 4.27 57.22 61.49 OK
r-release-macos-arm64 1.3 OK
r-release-macos-x86_64 1.3 OK
r-release-windows-ix86+x86_64 1.3 8.00 78.00 86.00 OK
r-oldrel-macos-x86_64 1.3 OK
r-oldrel-windows-ix86+x86_64 1.3 10.00 80.00 90.00 OK

Check Details

Version: 1.3
Check: Rd cross-references
Result: NOTE
    Undeclared package ‘energy’ in Rd xrefs
Flavor: r-devel-linux-x86_64-fedora-clang