CRAN Package Check Results for Package moc.gapbk

Last updated on 2019-08-20 05:47:11 CEST.

Flavor Version Tinstall Tcheck Ttotal Status Flags
r-devel-linux-x86_64-debian-clang 0.1.0 3.16 31.31 34.47 OK
r-devel-linux-x86_64-debian-gcc 0.1.0 2.58 24.15 26.73 OK
r-devel-linux-x86_64-fedora-clang 0.1.0 42.22 NOTE
r-devel-linux-x86_64-fedora-gcc 0.1.0 39.97 NOTE
r-devel-windows-ix86+x86_64 0.1.0 11.00 65.00 76.00 OK
r-patched-linux-x86_64 0.1.0 2.73 29.75 32.48 OK
r-patched-solaris-x86 0.1.0 58.90 NOTE
r-release-linux-x86_64 0.1.0 2.36 30.76 33.12 OK
r-release-windows-ix86+x86_64 0.1.0 5.00 37.00 42.00 OK
r-release-osx-x86_64 0.1.0 ERROR
r-oldrel-windows-ix86+x86_64 0.1.0 5.00 55.00 60.00 OK
r-oldrel-osx-x86_64 0.1.0 ERROR

Check Details

Version: 0.1.0
Check: dependencies in R code
Result: NOTE
    Namespaces in Imports field not imported from:
     ‘Rmisc’ ‘amap’ ‘fields’ ‘matrixStats’ ‘mco’ ‘miscTools’ ‘plyr’
     ‘reshape2’
     All declared Imports should be used.
Flavors: r-devel-linux-x86_64-fedora-clang, r-devel-linux-x86_64-fedora-gcc, r-patched-solaris-x86

Version: 0.1.0
Check: package dependencies
Result: ERROR
    Package required but not available: ‘doMPI’
    
    See section ‘The DESCRIPTION file’ in the ‘Writing R Extensions’
    manual.
Flavors: r-release-osx-x86_64, r-oldrel-osx-x86_64