CRAN Package Check Results for Package mod09nrt

Last updated on 2022-08-15 20:52:10 CEST.

Flavor Version Tinstall Tcheck Ttotal Status Flags
r-devel-linux-x86_64-debian-clang 0.14 2.22 21.71 23.93 NOTE
r-devel-linux-x86_64-debian-gcc 0.14 1.69 16.69 18.38 NOTE
r-devel-linux-x86_64-fedora-clang 0.14 38.77 NOTE
r-devel-linux-x86_64-fedora-gcc 0.14 38.31 NOTE
r-devel-windows-x86_64 0.14 12.00 46.00 58.00 NOTE
r-patched-linux-x86_64 0.14 1.90 20.63 22.53 NOTE
r-release-linux-x86_64 0.14 1.93 21.23 23.16 NOTE
r-release-macos-arm64 0.14 16.00 NOTE
r-release-macos-x86_64 0.14 24.00 NOTE
r-release-windows-x86_64 0.14 6.00 43.00 49.00 NOTE
r-oldrel-macos-arm64 0.14 16.00 NOTE
r-oldrel-macos-x86_64 0.14 26.00 NOTE
r-oldrel-windows-ix86+x86_64 0.14 5.00 25.00 30.00 NOTE

Check Details

Version: 0.14
Check: LazyData
Result: NOTE
     'LazyData' is specified without a 'data' directory
Flavors: r-devel-linux-x86_64-debian-clang, r-devel-linux-x86_64-debian-gcc, r-devel-linux-x86_64-fedora-clang, r-devel-linux-x86_64-fedora-gcc, r-devel-windows-x86_64, r-patched-linux-x86_64, r-release-linux-x86_64, r-release-macos-arm64, r-release-macos-x86_64, r-release-windows-x86_64, r-oldrel-macos-arm64, r-oldrel-macos-x86_64, r-oldrel-windows-ix86+x86_64