CRAN Package Check Results for Package modTempEff

Last updated on 2019-05-20 14:47:14 CEST.

Flavor Version Tinstall Tcheck Ttotal Status Flags
r-devel-linux-x86_64-debian-clang 1.5.2 6.95 162.85 169.80 NOTE
r-devel-linux-x86_64-debian-gcc 1.5.2 6.03 98.56 104.59 NOTE
r-devel-linux-x86_64-fedora-clang 1.5.2 206.07 NOTE
r-devel-linux-x86_64-fedora-gcc 1.5.2 202.06 NOTE
r-devel-windows-ix86+x86_64 1.5.2 21.00 174.00 195.00 NOTE
r-patched-linux-x86_64 1.5.2 7.28 161.03 168.31 NOTE
r-patched-solaris-x86 1.5.2 317.40 NOTE
r-release-linux-x86_64 1.5.2 7.64 159.39 167.03 NOTE
r-release-windows-ix86+x86_64 1.5.2 18.00 209.00 227.00 NOTE
r-release-osx-x86_64 1.5.2 NOTE
r-oldrel-windows-ix86+x86_64 1.5.2 8.00 168.00 176.00 NOTE
r-oldrel-osx-x86_64 1.5.2 NOTE

Check Details

Version: 1.5.2
Check: R code for possible problems
Result: NOTE
    anova.modTempEff : anova.glmlist1 : <anonymous>: no visible global
     function definition for 'formula'
    anova.modTempEff : stat.anova1: no visible global function definition
     for 'pchisq'
    anova.modTempEff : stat.anova1: no visible global function definition
     for 'pf'
    plot.modTempEff: no visible global function definition for 'lines'
    plot.modTempEff: no visible global function definition for 'plot'
    plot.modTempEff: no visible global function definition for 'dev.new'
    plot.modTempEff: no visible global function definition for 'par'
    plot.modTempEff: no visible global function definition for 'qnorm'
    plot.modTempEff: no visible global function definition for 'matplot'
    plot.modTempEff: no visible global function definition for 'polygon'
    plot.modTempEff: no visible global function definition for 'abline'
    plot.modTempEff: no visible global function definition for 'legend'
    plot.modTempEff: no visible global function definition for 'matlines'
    summary.modTempEff: no visible global function definition for 'terms'
    tempeff: no visible global function definition for 'model.response'
    tempeff: no visible global function definition for 'model.matrix'
    tempeff: no visible binding for global variable 'contrasts'
    tempeff: no visible global function definition for 'terms'
    tempeff: no visible global function definition for 'update.formula'
    tempeff: no visible global function definition for 'as.formula'
    tempeff: no visible global function definition for 'glm.fit'
    tempeff: no visible global function definition for 'poisson'
    tempeff: no visible global function definition for 'coef'
    tempeff: no visible global function definition for 'glm.control'
    tempeff: no visible global function definition for 'flush.console'
    tempeff.fit: no visible global function definition for 'poisson'
    Undefined global functions or variables:
     abline as.formula coef contrasts dev.new flush.console formula
     glm.control glm.fit legend lines matlines matplot model.matrix
     model.response par pchisq pf plot poisson polygon qnorm terms
     update.formula
    Consider adding
     importFrom("grDevices", "dev.new")
     importFrom("graphics", "abline", "legend", "lines", "matlines",
     "matplot", "par", "plot", "polygon")
     importFrom("stats", "as.formula", "coef", "contrasts", "formula",
     "glm.control", "glm.fit", "model.matrix", "model.response",
     "pchisq", "pf", "poisson", "qnorm", "terms",
     "update.formula")
     importFrom("utils", "flush.console")
    to your NAMESPACE file.
Flavors: r-devel-linux-x86_64-debian-clang, r-devel-linux-x86_64-debian-gcc, r-devel-linux-x86_64-fedora-clang, r-devel-linux-x86_64-fedora-gcc, r-devel-windows-ix86+x86_64, r-patched-linux-x86_64, r-patched-solaris-x86, r-release-linux-x86_64, r-release-windows-ix86+x86_64, r-release-osx-x86_64, r-oldrel-windows-ix86+x86_64, r-oldrel-osx-x86_64