Last updated on 2023-01-30 11:52:54 CET.
Flavor | Version | Tinstall | Tcheck | Ttotal | Status | Flags |
---|---|---|---|---|---|---|
r-devel-linux-x86_64-debian-clang | 1.0.4 | 93.68 | 109.54 | 203.22 | OK | |
r-devel-linux-x86_64-debian-gcc | 1.0.4 | 70.68 | 82.27 | 152.95 | NOTE | |
r-devel-linux-x86_64-fedora-clang | 1.0.4 | 265.14 | NOTE | |||
r-devel-linux-x86_64-fedora-gcc | 1.0.4 | 278.35 | NOTE | |||
r-devel-windows-x86_64 | 1.0.4 | 77.00 | 162.00 | 239.00 | NOTE | |
r-patched-linux-x86_64 | 1.0.4 | 77.44 | 104.25 | 181.69 | OK | |
r-release-linux-x86_64 | 1.0.4 | 72.23 | 104.23 | 176.46 | OK | |
r-release-macos-arm64 | 1.0.4 | 59.00 | NOTE | |||
r-release-macos-x86_64 | 1.0.4 | 90.00 | NOTE | |||
r-release-windows-x86_64 | 1.0.4 | 94.00 | 170.00 | 264.00 | OK | |
r-oldrel-macos-arm64 | 1.0.4 | 79.00 | NOTE | |||
r-oldrel-macos-x86_64 | 1.0.4 | 90.00 | NOTE | |||
r-oldrel-windows-ix86+x86_64 | 1.0.4 | 215.00 | 200.00 | 415.00 | OK |
Version: 1.0.4
Check: C++ specification
Result: NOTE
Specified C++11: please update to current default of C++17
Flavors: r-devel-linux-x86_64-debian-gcc, r-devel-linux-x86_64-fedora-clang, r-devel-linux-x86_64-fedora-gcc, r-devel-windows-x86_64
Version: 1.0.4
Check: data for non-ASCII characters
Result: NOTE
Note: found 18 marked Latin-1 strings
Flavors: r-devel-linux-x86_64-fedora-clang, r-devel-linux-x86_64-fedora-gcc, r-release-macos-arm64, r-release-macos-x86_64, r-oldrel-macos-arm64, r-oldrel-macos-x86_64