Last updated on 2022-07-05 17:50:35 CEST.
Flavor | Version | Tinstall | Tcheck | Ttotal | Status | Flags |
---|---|---|---|---|---|---|
r-devel-linux-x86_64-debian-clang | 0.8.1 | 4.33 | 133.80 | 138.13 | OK | |
r-devel-linux-x86_64-debian-gcc | 0.8.1 | 4.09 | 99.65 | 103.74 | OK | |
r-devel-linux-x86_64-fedora-clang | 0.8.1 | 174.71 | OK | |||
r-devel-linux-x86_64-fedora-gcc | 0.8.1 | 180.11 | OK | |||
r-devel-windows-x86_64 | 0.8.1 | 7.00 | 138.00 | 145.00 | OK | |
r-patched-linux-x86_64 | 0.8.1 | 4.07 | 131.52 | 135.59 | OK | |
r-release-linux-x86_64 | 0.8.1 | 4.03 | 128.86 | 132.89 | OK | |
r-release-macos-arm64 | 0.8.1 | 6.00 | ERROR | |||
r-release-macos-x86_64 | 0.8.1 | 55.00 | OK | |||
r-release-windows-x86_64 | 0.8.1 | 42.00 | 136.00 | 178.00 | OK | |
r-oldrel-macos-arm64 | 0.8.1 | 39.00 | OK | |||
r-oldrel-macos-x86_64 | 0.8.1 | 56.00 | OK | |||
r-oldrel-windows-ix86+x86_64 | 0.8.1 | 11.00 | 127.00 | 138.00 | OK |
Version: 0.8.1
Check: package dependencies
Result: ERROR
Packages required and available but unsuitable versions:
'insight', 'datawizard', 'parameters'
See section ‘The DESCRIPTION file’ in the ‘Writing R Extensions’
manual.
Flavor: r-release-macos-arm64