CRAN Package Check Results for Package modelc

Last updated on 2022-08-17 05:58:30 CEST.

Flavor Version Tinstall Tcheck Ttotal Status Flags
r-devel-linux-x86_64-debian-clang 1.0.0.0 2.13 23.34 25.47 NOTE
r-devel-linux-x86_64-debian-gcc 1.0.0.0 NOTE
r-devel-linux-x86_64-fedora-clang 1.0.0.0 42.48 NOTE
r-devel-linux-x86_64-fedora-gcc 1.0.0.0 40.61 NOTE
r-devel-windows-x86_64 1.0.0.0 12.00 49.00 61.00 NOTE
r-patched-linux-x86_64 1.0.0.0 2.28 22.42 24.70 NOTE
r-release-linux-x86_64 1.0.0.0 2.02 23.12 25.14 NOTE
r-release-macos-arm64 1.0.0.0 16.00 NOTE
r-release-macos-x86_64 1.0.0.0 21.00 NOTE
r-release-windows-x86_64 1.0.0.0 13.00 50.00 63.00 NOTE
r-oldrel-macos-arm64 1.0.0.0 18.00 NOTE
r-oldrel-macos-x86_64 1.0.0.0 27.00 NOTE
r-oldrel-windows-ix86+x86_64 1.0.0.0 6.00 46.00 52.00 NOTE

Check Details

Version: 1.0.0.0
Check: LazyData
Result: NOTE
     'LazyData' is specified without a 'data' directory
Flavors: r-devel-linux-x86_64-debian-clang, r-devel-linux-x86_64-debian-gcc, r-devel-linux-x86_64-fedora-clang, r-devel-linux-x86_64-fedora-gcc, r-devel-windows-x86_64, r-patched-linux-x86_64, r-release-linux-x86_64, r-release-macos-arm64, r-release-macos-x86_64, r-release-windows-x86_64, r-oldrel-macos-arm64, r-oldrel-macos-x86_64, r-oldrel-windows-ix86+x86_64