CRAN Package Check Results for Package modeldb

Last updated on 2020-04-10 04:48:48 CEST.

Flavor Version Tinstall Tcheck Ttotal Status Flags
r-devel-linux-x86_64-debian-clang 0.2.2 6.19 168.06 174.25 OK
r-devel-linux-x86_64-debian-gcc 0.2.2 4.96 109.57 114.53 OK
r-devel-linux-x86_64-fedora-clang 0.2.2 213.06 OK
r-devel-linux-x86_64-fedora-gcc 0.2.2 208.22 OK
r-devel-windows-ix86+x86_64 0.2.2 15.00 157.00 172.00 OK
r-devel-windows-ix86+x86_64-gcc8 0.2.2 14.00 175.00 189.00 OK
r-patched-linux-x86_64 0.2.2 6.50 151.83 158.33 OK
r-patched-osx-x86_64 0.2.2 WARN
r-patched-solaris-x86 0.2.2 283.90 OK
r-release-linux-x86_64 0.2.2 5.20 141.64 146.84 OK
r-release-windows-ix86+x86_64 0.2.2 13.00 222.00 235.00 OK
r-release-osx-x86_64 0.2.2 OK
r-oldrel-windows-ix86+x86_64 0.2.2 11.00 190.00 201.00 OK
r-oldrel-osx-x86_64 0.2.2 OK

Check Details

Version: 0.2.2
Check: re-building of vignette outputs
Result: WARN
    Error(s) in re-building vignettes:
    --- re-building ‘kmeans.Rmd’ using rmarkdown
    dyld: lazy symbol binding failed: Symbol not found: ____chkstk_darwin
     Referenced from: /usr/local/bin/pandoc (which was built for Mac OS X 10.15)
     Expected in: /usr/lib/libSystem.B.dylib
    
    dyld: Symbol not found: ____chkstk_darwin
     Referenced from: /usr/local/bin/pandoc (which was built for Mac OS X 10.15)
     Expected in: /usr/lib/libSystem.B.dylib
    
    Error: processing vignette 'kmeans.Rmd' failed with diagnostics:
    pandoc document conversion failed with error 6
    --- failed re-building ‘kmeans.Rmd’
    
    --- re-building ‘linear-regression.Rmd’ using rmarkdown
    dyld: lazy symbol binding failed: Symbol not found: ____chkstk_darwin
     Referenced from: /usr/local/bin/pandoc (which was built for Mac OS X 10.15)
     Expected in: /usr/lib/libSystem.B.dylib
    
    dyld: Symbol not found: ____chkstk_darwin
     Referenced from: /usr/local/bin/pandoc (which was built for Mac OS X 10.15)
     Expected in: /usr/lib/libSystem.B.dylib
    
    Error: processing vignette 'linear-regression.Rmd' failed with diagnostics:
    pandoc document conversion failed with error 6
    --- failed re-building ‘linear-regression.Rmd’
    
    SUMMARY: processing the following files failed:
     ‘kmeans.Rmd’ ‘linear-regression.Rmd’
    
    Error: Vignette re-building failed.
    Execution halted
Flavor: r-patched-osx-x86_64