CRAN Package Check Results for Package modelr

Last updated on 2022-09-30 23:55:35 CEST.

Flavor Version Tinstall Tcheck Ttotal Status Flags
r-devel-linux-x86_64-debian-clang 0.1.9 6.87 72.62 79.49 OK
r-devel-linux-x86_64-debian-gcc 0.1.9 5.04 53.45 58.49 OK
r-devel-linux-x86_64-fedora-clang 0.1.9 115.18 NOTE
r-devel-linux-x86_64-fedora-gcc 0.1.9 110.10 OK
r-devel-windows-x86_64 0.1.9 23.00 110.00 133.00 OK
r-patched-linux-x86_64 0.1.9 5.54 66.95 72.49 OK
r-release-linux-x86_64 0.1.9 3.89 66.72 70.61 OK
r-release-macos-arm64 0.1.9 31.00 OK
r-release-macos-x86_64 0.1.9 39.00 OK
r-release-windows-x86_64 0.1.9 15.00 97.00 112.00 OK
r-oldrel-macos-arm64 0.1.9 29.00 OK
r-oldrel-macos-x86_64 0.1.9 44.00 OK
r-oldrel-windows-ix86+x86_64 0.1.9 15.00 100.00 115.00 OK

Check Details

Version: 0.1.9
Check: Rd cross-references
Result: NOTE
    Undeclared packages ‘lme4’, ‘rstanarm’, ‘dplyr’ in Rd xrefs
Flavor: r-devel-linux-x86_64-fedora-clang