CRAN Package Check Results for Package modelsummary

Last updated on 2022-08-12 15:49:37 CEST.

Flavor Version Tinstall Tcheck Ttotal Status Flags
r-devel-linux-x86_64-debian-clang 1.0.2 10.08 70.58 80.66 OK
r-devel-linux-x86_64-debian-gcc 1.0.2 8.15 53.32 61.47 OK
r-devel-linux-x86_64-fedora-clang 1.0.2 107.80 OK
r-devel-linux-x86_64-fedora-gcc 1.0.2 111.54 OK
r-devel-windows-x86_64 1.0.2 83.00 100.00 183.00 OK
r-patched-linux-x86_64 1.0.2 7.51 65.53 73.04 OK
r-release-linux-x86_64 1.0.2 8.08 65.50 73.58 OK
r-release-macos-arm64 1.0.2 6.00 ERROR
r-release-macos-x86_64 1.0.2 44.00 OK
r-release-windows-x86_64 1.0.2 163.00 94.00 257.00 OK
r-oldrel-macos-arm64 1.0.2 29.00 OK
r-oldrel-macos-x86_64 1.0.2 44.00 OK
r-oldrel-windows-ix86+x86_64 1.0.2 21.00 86.00 107.00 OK

Check Details

Version: 1.0.2
Check: package dependencies
Result: ERROR
    Packages required and available but unsuitable versions:
     'insight', 'parameters', 'performance'
    
    See section ‘The DESCRIPTION file’ in the ‘Writing R Extensions’
    manual.
Flavor: r-release-macos-arm64