CRAN Package Check Results for Package modeltime

Last updated on 2022-01-25 14:59:43 CET.

Flavor Version Tinstall Tcheck Ttotal Status Flags
r-devel-linux-x86_64-debian-clang 1.1.1 22.80 504.04 526.84 OK
r-devel-linux-x86_64-debian-gcc 1.1.1 19.28 362.01 381.29 OK
r-devel-linux-x86_64-fedora-clang 1.1.1 626.18 NOTE
r-devel-linux-x86_64-fedora-gcc 1.1.1 611.24 OK
r-devel-windows-x86_64-new-UL 1.1.1 320.00 537.00 857.00 OK
r-devel-windows-x86_64-new-TK 1.1.1 ERROR
r-patched-linux-x86_64 1.1.1 25.22 463.14 488.36 OK
r-release-linux-x86_64 1.1.1 0.76 11.31 12.07 ERROR
r-release-macos-arm64 1.1.1 OK
r-release-macos-x86_64 1.1.1 OK
r-release-windows-ix86+x86_64 1.1.1 44.00 559.00 603.00 OK
r-oldrel-macos-x86_64 1.1.1 OK
r-oldrel-windows-ix86+x86_64 1.1.1 45.00 586.00 631.00 OK

Check Details

Version: 1.1.1
Check: package dependencies
Result: NOTE
    Imports includes 28 non-default packages.
    Importing from so many packages makes the package vulnerable to any of
    them becoming unavailable. Move as many as possible to Suggests and
    use conditionally.
Flavor: r-devel-linux-x86_64-fedora-clang

Version: 1.1.1
Check: package dependencies
Result: NOTE
    Packages suggested but not available for checking: 'smooth', 'greybox'
Flavor: r-devel-windows-x86_64-new-TK

Version: 1.1.1
Check: Rd cross-references
Result: NOTE
    Package unavailable to check Rd xrefs: 'smooth'
Flavor: r-devel-windows-x86_64-new-TK

Version: 1.1.1
Check: examples
Result: ERROR
    Running examples in 'modeltime-Ex.R' failed
    The error most likely occurred in:
    
    > ### Name: exp_smoothing
    > ### Title: General Interface for Exponential Smoothing State Space Models
    > ### Aliases: exp_smoothing
    >
    > ### ** Examples
    >
    > library(dplyr)
    
    Attaching package: 'dplyr'
    
    The following objects are masked from 'package:stats':
    
     filter, lag
    
    The following objects are masked from 'package:base':
    
     intersect, setdiff, setequal, union
    
    > library(parsnip)
    > library(rsample)
    > library(timetk)
    > library(modeltime)
    > library(smooth)
    Error in library(smooth) : there is no package called 'smooth'
    Execution halted
Flavor: r-devel-windows-x86_64-new-TK

Version: 1.1.1
Check: tests
Result: ERROR
     Running 'testthat.R'
    Running the tests in 'tests/testthat.R' failed.
    Complete output:
     > library(testthat)
     >
     > library(xgboost)
     > library(randomForest)
     randomForest 4.6-14
     Type rfNews() to see new features/changes/bug fixes.
     > library(kernlab)
     > library(earth)
     Loading required package: Formula
     Loading required package: plotmo
     Loading required package: plotrix
     Loading required package: TeachingDemos
     > library(thief)
     Loading required package: forecast
     > library(smooth)
     Error in library(smooth) : there is no package called 'smooth'
     Execution halted
Flavor: r-devel-windows-x86_64-new-TK

Version: 1.1.1
Check: package dependencies
Result: ERROR
    Package required but not available: ‘prophet’
    
    See section ‘The DESCRIPTION file’ in the ‘Writing R Extensions’
    manual.
Flavor: r-release-linux-x86_64